{"id":3406,"date":"2026-08-11T09:54:54","date_gmt":"2026-08-11T12:54:54","guid":{"rendered":"https:\/\/www.santafe.gob.ar\/ms\/impulsa\/?post_type=oferta-formativa&#038;p=3406"},"modified":"2026-08-27T08:15:21","modified_gmt":"2026-08-27T11:15:21","slug":"capacitacion-laboral-en-gastronomia","status":"publish","type":"oferta-formativa","link":"https:\/\/www.santafe.gob.ar\/ms\/impulsa\/oferta-formativa\/capacitacion-laboral-en-gastronomia\/","title":{"rendered":"CAPACITACI\u00d3N LABORAL EN GASTRONOM\u00cdA"},"content":{"rendered":"<p><!-- FONDO MOSAICO --><\/p>\n<div style=\"position: absolute;top: 0;left: 0;right: 0;bottom: 0;background-image: url('https:\/\/www.santafe.gob.ar\/ms\/impulsa\/wp-content\/uploads\/sites\/67\/2026\/08\/FondoImpulsa.png');background-repeat: repeat;background-size: 120px auto;background-position: center;opacity: 0.1;z-index: 0\"><\/div>\n<div style=\"background: #d32f2f;color: #ffffff;text-align: center;font-weight: bold;font-size: 18px;padding: 12px 0;letter-spacing: 0.5px\">\ud83d\udeab INSCRIPCIONES FINALIZADAS<\/div>\n<hr \/>\n<div style=\"font-size: 15px;line-height: 1.6\"><strong>\ud83d\udcc5 Inicio:\u00a07\/9\/2026<\/strong><br \/>\n<strong>\ud83c\udfc1 Finalizaci\u00f3n:\u00a06\/11\/2026<\/strong><\/div>\n<hr \/>\n<div style=\"min-height: 320px\">\n<p><strong>\u00abEl\/la egresado\/a contar\u00e1 con conocimientos b\u00e1sicos de cocina y<br \/>\nmanipulaci\u00f3n segura de alimentos, pudiendo elaborar preparaciones<br \/>\nde manera artesanal y organizada. Ser\u00e1 capaz de trabajar con<br \/>\norden, higiene y eficiencia, aplicando t\u00e9cnicas de selecci\u00f3n,<br \/>\nconservaci\u00f3n y cocci\u00f3n de materias primas. Adem\u00e1s, desarrollar\u00e1<br \/>\nautonom\u00eda, creatividad y esp\u00edritu emprendedor, con posibilidad de<br \/>\ninsertarse laboralmente o generar emprendimientos propios,<br \/>\nvalorando la identidad local y la gastronom\u00eda como parte del<br \/>\ndesarrollo tur\u00edstico y econ\u00f3mico.\u00bb<\/strong><\/p>\n<\/div>\n<hr \/>\n<div style=\"background: url('https:\/\/www.santafe.gob.ar\/ms\/impulsa\/wp-content\/uploads\/sites\/67\/2026\/08\/franja.png') center center \/ cover no-repeat;height: 52px;line-height: 52px;padding: 0 12px;font-weight: bold;color: #ffffff;font-size: 14px\">Proy: 2 &#8211; 91 &#8211; 26<\/div>\n","protected":false},"featured_media":3362,"menu_order":0,"template":"","meta":{"_acf_changed":false,"_et_pb_use_builder":"","_et_pb_old_content":"","_et_gb_content_width":""},"destacado":[],"localidad":[27],"matriz-productiva":[],"class_list":["post-3406","oferta-formativa","type-oferta-formativa","status-publish","has-post-thumbnail","hentry","localidad-coronda"],"acf":{"matriz_productiva":false,"institucion_oferente":"MUNICIPALIDAD DE CORONDA","horas_catedra":"","horas_reloj":90,"modalidad":"Presencial","requisitos_de_ingreso":"Personas mayores a 18 a\u00f1os, con secundario completo o incompleto.","localidades_de_dictado":[27],"fecha_de_ingreso":"20260907","link_a_inscripcion":"","destacado":false},"_links":{"self":[{"href":"https:\/\/www.santafe.gob.ar\/ms\/impulsa\/wp-json\/wp\/v2\/oferta-formativa\/3406","targetHints":{"allow":["GET"]}}],"collection":[{"href":"https:\/\/www.santafe.gob.ar\/ms\/impulsa\/wp-json\/wp\/v2\/oferta-formativa"}],"about":[{"href":"https:\/\/www.santafe.gob.ar\/ms\/impulsa\/wp-json\/wp\/v2\/types\/oferta-formativa"}],"acf:term":[{"embeddable":true,"taxonomy":"localidad","href":"https:\/\/www.santafe.gob.ar\/ms\/impulsa\/wp-json\/wp\/v2\/localidad\/27"}],"wp:featuredmedia":[{"embeddable":true,"href":"https:\/\/www.santafe.gob.ar\/ms\/impulsa\/wp-json\/wp\/v2\/media\/3362"}],"wp:attachment":[{"href":"https:\/\/www.santafe.gob.ar\/ms\/impulsa\/wp-json\/wp\/v2\/media?parent=3406"}],"wp:term":[{"taxonomy":"destacado","embeddable":true,"href":"https:\/\/www.santafe.gob.ar\/ms\/impulsa\/wp-json\/wp\/v2\/destacado?post=3406"},{"taxonomy":"localidad","embeddable":true,"href":"https:\/\/www.santafe.gob.ar\/ms\/impulsa\/wp-json\/wp\/v2\/localidad?post=3406"},{"taxonomy":"matriz-productiva","embeddable":true,"href":"https:\/\/www.santafe.gob.ar\/ms\/impulsa\/wp-json\/wp\/v2\/matriz-productiva?post=3406"}],"curies":[{"name":"wp","href":"https:\/\/api.w.org\/{rel}","templated":true}]}}

CAPACITACIÓN LABORAL EN GASTRONOMÍA

<p><!-- FONDO MOSAICO --></p>
<div style="position: absolute;top: 0;left: 0;right: 0;bottom: 0;background-image: url('https://www.santafe.gob.ar/ms/impulsa/wp-content/uploads/sites/67/2026/08/FondoImpulsa.png');background-repeat: repeat;background-size: 120px auto;background-position: center;opacity: 0.1;z-index: 0"></div>
<div style="background: #d32f2f;color: #ffffff;text-align: center;font-weight: bold;font-size: 18px;padding: 12px 0;letter-spacing: 0.5px">🚫 INSCRIPCIONES FINALIZADAS</div>
<hr />
<div style="font-size: 15px;line-height: 1.6"><strong>📅 Inicio: 7/9/2026</strong><br />
<strong>🏁 Finalización: 6/11/2026</strong></div>
<hr />
<div style="min-height: 320px">
<p><strong>«El/la egresado/a contará con conocimientos básicos de cocina y<br />
manipulación segura de alimentos, pudiendo elaborar preparaciones<br />
de manera artesanal y organizada. Será capaz de trabajar con<br />
orden, higiene y eficiencia, aplicando técnicas de selección,<br />
conservación y cocción de materias primas. Además, desarrollará<br />
autonomía, creatividad y espíritu emprendedor, con posibilidad de<br />
insertarse laboralmente o generar emprendimientos propios,<br />
valorando la identidad local y la gastronomía como parte del<br />
desarrollo turístico y económico.»</strong></p>
</div>
<hr />
<div style="background: url('https://www.santafe.gob.ar/ms/impulsa/wp-content/uploads/sites/67/2026/08/franja.png') center center / cover no-repeat;height: 52px;line-height: 52px;padding: 0 12px;font-weight: bold;color: #ffffff;font-size: 14px">Proy: 2 &#8211; 91 &#8211; 26</div>

Personas mayores a 18 años, con secundario completo o incompleto.
