{"id":3417,"date":"2026-09-01T12:24:02","date_gmt":"2026-09-01T15:24:02","guid":{"rendered":"https:\/\/www.santafe.gob.ar\/ms\/impulsa\/?post_type=oferta-formativa&#038;p=3417"},"modified":"2026-09-01T12:24:02","modified_gmt":"2026-09-01T15:24:02","slug":"capacitacion-laboral-en-panaderia-salada","status":"publish","type":"oferta-formativa","link":"https:\/\/www.santafe.gob.ar\/ms\/impulsa\/oferta-formativa\/capacitacion-laboral-en-panaderia-salada\/","title":{"rendered":"CAPACITACION LABORAL EN PANADERIA SALADA"},"content":{"rendered":"<div style=\"position: absolute;top: 0;left: 0;right: 0;bottom: 0;background-image: url('https:\/\/www.santafe.gob.ar\/ms\/impulsa\/wp-content\/uploads\/sites\/67\/2026\/08\/FondoImpulsa.png');background-repeat: repeat;background-size: 120px auto;background-position: center;opacity: 0.1;z-index: 0\"><\/div>\n<hr \/>\n<div style=\"font-size: 15px;line-height: 1.6\">\ud83d\udcc5 <strong>Inicio:\u00a030\/9\/2026<\/strong><br \/>\n\ud83c\udfc1 <strong>Finalizaci\u00f3n:\u00a025\/11\/2026<\/strong><\/div>\n<hr \/>\n<div style=\"min-height: 320px\">\n<p><span data-sheets-root=\"1\">T\u00e9cnicas de trabajo vinculadas de las tareas que se realizan en<br \/>\nuna cuadra de panader\u00eda. Desarrollo integral de panader\u00eda salada.<br \/>\nSeleccionar insumos y herramientas necesarias de acuerdo a la<br \/>\n\u00f3rden de trabajo. Trabajar bajo normas de seguridad e higienes,<br \/>\nconocer los m\u00e9todos de conservaci\u00f3n, rindes y utilizaci\u00f3n de<br \/>\nequipamientos.<\/span><\/p>\n<\/div>\n<hr \/>\n<div style=\"background: url('https:\/\/www.santafe.gob.ar\/ms\/impulsa\/wp-content\/uploads\/sites\/67\/2026\/08\/franja.png') center center \/ cover no-repeat;height: 52px;line-height: 52px;padding: 0 12px;font-weight: bold;color: #ffffff;font-size: 14px\">Proy: 2 &#8211; 69 &#8211; 26<\/div>\n","protected":false},"featured_media":3067,"menu_order":0,"template":"","meta":{"_acf_changed":false,"_et_pb_use_builder":"","_et_pb_old_content":"","_et_gb_content_width":""},"destacado":[],"localidad":[49],"matriz-productiva":[127],"class_list":["post-3417","oferta-formativa","type-oferta-formativa","status-publish","has-post-thumbnail","hentry","localidad-santa-fe","matriz-productiva-gastronomia"],"acf":{"matriz_productiva":[127],"institucion_oferente":"ONE SIX S.A","horas_catedra":"","horas_reloj":40,"modalidad":"Presencial","requisitos_de_ingreso":"Mayor de 16 a\u00f1os con primaria completa.","localidades_de_dictado":[49],"fecha_de_ingreso":"20260930","link_a_inscripcion":"https:\/\/docs.google.com\/forms\/d\/1Pg9FEGLFGqREzgwWBNKBdaEMOVGIl6dUYnW7rjGwfXs\/viewform","destacado":false},"_links":{"self":[{"href":"https:\/\/www.santafe.gob.ar\/ms\/impulsa\/wp-json\/wp\/v2\/oferta-formativa\/3417","targetHints":{"allow":["GET"]}}],"collection":[{"href":"https:\/\/www.santafe.gob.ar\/ms\/impulsa\/wp-json\/wp\/v2\/oferta-formativa"}],"about":[{"href":"https:\/\/www.santafe.gob.ar\/ms\/impulsa\/wp-json\/wp\/v2\/types\/oferta-formativa"}],"acf:term":[{"embeddable":true,"taxonomy":"localidad","href":"https:\/\/www.santafe.gob.ar\/ms\/impulsa\/wp-json\/wp\/v2\/localidad\/49"},{"embeddable":true,"taxonomy":"matriz-productiva","href":"https:\/\/www.santafe.gob.ar\/ms\/impulsa\/wp-json\/wp\/v2\/matriz-productiva\/127"}],"wp:featuredmedia":[{"embeddable":true,"href":"https:\/\/www.santafe.gob.ar\/ms\/impulsa\/wp-json\/wp\/v2\/media\/3067"}],"wp:attachment":[{"href":"https:\/\/www.santafe.gob.ar\/ms\/impulsa\/wp-json\/wp\/v2\/media?parent=3417"}],"wp:term":[{"taxonomy":"destacado","embeddable":true,"href":"https:\/\/www.santafe.gob.ar\/ms\/impulsa\/wp-json\/wp\/v2\/destacado?post=3417"},{"taxonomy":"localidad","embeddable":true,"href":"https:\/\/www.santafe.gob.ar\/ms\/impulsa\/wp-json\/wp\/v2\/localidad?post=3417"},{"taxonomy":"matriz-productiva","embeddable":true,"href":"https:\/\/www.santafe.gob.ar\/ms\/impulsa\/wp-json\/wp\/v2\/matriz-productiva?post=3417"}],"curies":[{"name":"wp","href":"https:\/\/api.w.org\/{rel}","templated":true}]}}

<div style="position: absolute;top: 0;left: 0;right: 0;bottom: 0;background-image: url('https://www.santafe.gob.ar/ms/impulsa/wp-content/uploads/sites/67/2026/08/FondoImpulsa.png');background-repeat: repeat;background-size: 120px auto;background-position: center;opacity: 0.1;z-index: 0"></div>
<hr />
<div style="font-size: 15px;line-height: 1.6">📅 <strong>Inicio: 30/9/2026</strong><br />
🏁 <strong>Finalización: 25/11/2026</strong></div>
<hr />
<div style="min-height: 320px">
<p><span data-sheets-root="1">Técnicas de trabajo vinculadas de las tareas que se realizan en<br />
una cuadra de panadería. Desarrollo integral de panadería salada.<br />
Seleccionar insumos y herramientas necesarias de acuerdo a la<br />
órden de trabajo. Trabajar bajo normas de seguridad e higienes,<br />
conocer los métodos de conservación, rindes y utilización de<br />
equipamientos.</span></p>
</div>
<hr />
<div style="background: url('https://www.santafe.gob.ar/ms/impulsa/wp-content/uploads/sites/67/2026/08/franja.png') center center / cover no-repeat;height: 52px;line-height: 52px;padding: 0 12px;font-weight: bold;color: #ffffff;font-size: 14px">Proy: 2 &#8211; 69 &#8211; 26</div>

Mayor de 16 años con primaria completa.
