{"id":3427,"date":"2026-09-01T12:20:01","date_gmt":"2026-09-01T15:20:01","guid":{"rendered":"https:\/\/www.santafe.gob.ar\/ms\/impulsa\/?post_type=oferta-formativa&#038;p=3427"},"modified":"2026-09-01T12:20:09","modified_gmt":"2026-09-01T15:20:09","slug":"capacitacion-laboral-en-mecanica-de-motos-y-motores-a-explosion","status":"publish","type":"oferta-formativa","link":"https:\/\/www.santafe.gob.ar\/ms\/impulsa\/oferta-formativa\/capacitacion-laboral-en-mecanica-de-motos-y-motores-a-explosion\/","title":{"rendered":"CAPACITACION LABORAL EN MECANICA DE MOTOS Y MOTORES A EXPLOSION"},"content":{"rendered":"<div style=\"position: absolute;top: 0;left: 0;right: 0;bottom: 0;background-image: url('https:\/\/www.santafe.gob.ar\/ms\/impulsa\/wp-content\/uploads\/sites\/67\/2026\/08\/FondoImpulsa.png');background-repeat: repeat;background-size: 120px auto;background-position: center;opacity: 0.1;z-index: 0\"><\/div>\n<hr \/>\n<div style=\"font-size: 15px;line-height: 1.6\"><strong>\ud83d\udcc5 Inicio:\u00a014\/9\/2026<\/strong><br \/>\n<strong>\ud83c\udfc1 Finalizaci\u00f3n:\u00a021\/12\/2026<\/strong><\/div>\n<hr \/>\n<div style=\"min-height: 320px\">\n<p><strong>El egresado de este curso contar\u00e1 con los conocimientos te\u00f3ricos<br \/>\ny pr\u00e1cticos necesarios para iniciarse en el oficio de reparaci\u00f3n<br \/>\ny armado de motocicletas y motores de combusti\u00f3n interna. La<br \/>\nformaci\u00f3n brindada le permitir\u00e1 desarrollar habilidades b\u00e1sicas<br \/>\npara desempe\u00f1arse en este \u00e1mbito laboral. Asimismo, estar\u00e1<br \/>\ncapacitado para identificar fallas, realizar tareas de<br \/>\nmantenimiento b\u00e1sico, efectuar el desarmado y armado de<br \/>\ndiferentes partes y componentes, realizar cambios de aceite y<br \/>\nfiltros, intervenir en sistemas de encendido y llevar a cabo<br \/>\nreparaciones generales, aplicando correctamente las herramientas<br \/>\ny procedimientos propios del oficio.<\/strong><\/p>\n<\/div>\n<hr \/>\n<div style=\"background: url('https:\/\/www.santafe.gob.ar\/ms\/impulsa\/wp-content\/uploads\/sites\/67\/2026\/08\/franja.png') center center \/ cover no-repeat;height: 52px;line-height: 52px;padding: 0 12px;font-weight: bold;color: #ffffff;font-size: 14px\"><strong>Proy: 3 &#8211; 76 &#8211; 26<\/strong><\/div>\n","protected":false},"featured_media":2424,"menu_order":0,"template":"","meta":{"_acf_changed":false,"_et_pb_use_builder":"","_et_pb_old_content":"","_et_gb_content_width":""},"destacado":[],"localidad":[98],"matriz-productiva":[171],"class_list":["post-3427","oferta-formativa","type-oferta-formativa","status-publish","has-post-thumbnail","hentry","localidad-canada-rosquin","matriz-productiva-industria-manufacturera"],"acf":{"matriz_productiva":[171],"institucion_oferente":"COMUNA DE CANADA ROSQUIN","horas_catedra":"","horas_reloj":80,"modalidad":"Presencial","requisitos_de_ingreso":"Personas mayores de 16 a\u00f1os de edad con estudios primarios completos.","localidades_de_dictado":[98],"fecha_de_ingreso":"20260914","link_a_inscripcion":"https:\/\/docs.google.com\/forms\/d\/1pjr1qY5O15IEfR2klpfjE11klCMQNGJcq0HYg8SmoaA\/viewform","destacado":false},"_links":{"self":[{"href":"https:\/\/www.santafe.gob.ar\/ms\/impulsa\/wp-json\/wp\/v2\/oferta-formativa\/3427","targetHints":{"allow":["GET"]}}],"collection":[{"href":"https:\/\/www.santafe.gob.ar\/ms\/impulsa\/wp-json\/wp\/v2\/oferta-formativa"}],"about":[{"href":"https:\/\/www.santafe.gob.ar\/ms\/impulsa\/wp-json\/wp\/v2\/types\/oferta-formativa"}],"acf:term":[{"embeddable":true,"taxonomy":"localidad","href":"https:\/\/www.santafe.gob.ar\/ms\/impulsa\/wp-json\/wp\/v2\/localidad\/98"},{"embeddable":true,"taxonomy":"matriz-productiva","href":"https:\/\/www.santafe.gob.ar\/ms\/impulsa\/wp-json\/wp\/v2\/matriz-productiva\/171"}],"wp:featuredmedia":[{"embeddable":true,"href":"https:\/\/www.santafe.gob.ar\/ms\/impulsa\/wp-json\/wp\/v2\/media\/2424"}],"wp:attachment":[{"href":"https:\/\/www.santafe.gob.ar\/ms\/impulsa\/wp-json\/wp\/v2\/media?parent=3427"}],"wp:term":[{"taxonomy":"destacado","embeddable":true,"href":"https:\/\/www.santafe.gob.ar\/ms\/impulsa\/wp-json\/wp\/v2\/destacado?post=3427"},{"taxonomy":"localidad","embeddable":true,"href":"https:\/\/www.santafe.gob.ar\/ms\/impulsa\/wp-json\/wp\/v2\/localidad?post=3427"},{"taxonomy":"matriz-productiva","embeddable":true,"href":"https:\/\/www.santafe.gob.ar\/ms\/impulsa\/wp-json\/wp\/v2\/matriz-productiva?post=3427"}],"curies":[{"name":"wp","href":"https:\/\/api.w.org\/{rel}","templated":true}]}}

<div style="position: absolute;top: 0;left: 0;right: 0;bottom: 0;background-image: url('https://www.santafe.gob.ar/ms/impulsa/wp-content/uploads/sites/67/2026/08/FondoImpulsa.png');background-repeat: repeat;background-size: 120px auto;background-position: center;opacity: 0.1;z-index: 0"></div>
<hr />
<div style="font-size: 15px;line-height: 1.6"><strong>📅 Inicio: 14/9/2026</strong><br />
<strong>🏁 Finalización: 21/12/2026</strong></div>
<hr />
<div style="min-height: 320px">
<p><strong>El egresado de este curso contará con los conocimientos teóricos<br />
y prácticos necesarios para iniciarse en el oficio de reparación<br />
y armado de motocicletas y motores de combustión interna. La<br />
formación brindada le permitirá desarrollar habilidades básicas<br />
para desempeñarse en este ámbito laboral. Asimismo, estará<br />
capacitado para identificar fallas, realizar tareas de<br />
mantenimiento básico, efectuar el desarmado y armado de<br />
diferentes partes y componentes, realizar cambios de aceite y<br />
filtros, intervenir en sistemas de encendido y llevar a cabo<br />
reparaciones generales, aplicando correctamente las herramientas<br />
y procedimientos propios del oficio.</strong></p>
</div>
<hr />
<div style="background: url('https://www.santafe.gob.ar/ms/impulsa/wp-content/uploads/sites/67/2026/08/franja.png') center center / cover no-repeat;height: 52px;line-height: 52px;padding: 0 12px;font-weight: bold;color: #ffffff;font-size: 14px"><strong>Proy: 3 &#8211; 76 &#8211; 26</strong></div>

Personas mayores de 16 años de edad con estudios primarios completos.
