{"id":3436,"date":"2026-08-25T08:22:17","date_gmt":"2026-08-25T11:22:17","guid":{"rendered":"https:\/\/www.santafe.gob.ar\/ms\/impulsa\/?post_type=oferta-formativa&#038;p=3436"},"modified":"2026-08-26T08:42:28","modified_gmt":"2026-08-26T11:42:28","slug":"formacion-de-respositores-para-supermercado","status":"publish","type":"oferta-formativa","link":"https:\/\/www.santafe.gob.ar\/ms\/impulsa\/oferta-formativa\/formacion-de-respositores-para-supermercado\/","title":{"rendered":"FORMACION DE RESPOSITORES PARA SUPERMERCADO"},"content":{"rendered":"<p>[et_pb_section admin_label=\u00bbsection\u00bb]<br \/>\n\t\t\t[et_pb_row admin_label=\u00bbrow\u00bb]<br \/>\n\t\t\t\t[et_pb_column type=\u00bb4_4&#8243;][et_pb_text admin_label=\u00bbText\u00bb]<!-- FONDO MOSAICO --><\/p>\n<div style=\"position: absolute;top: 0;left: 0;right: 0;bottom: 0;background-image: url('https:\/\/www.santafe.gob.ar\/ms\/impulsa\/wp-content\/uploads\/sites\/67\/2026\/08\/FondoImpulsa.png');background-repeat: repeat;background-size: 120px auto;background-position: center;opacity: 0.1;z-index: 0\"><\/div>\n<div style=\"background: #d32f2f;color: #ffffff;text-align: center;font-weight: bold;font-size: 18px;padding: 12px 0;letter-spacing: 0.5px\">\ud83d\udeab INSCRIPCIONES FINALIZADAS<\/div>\n<hr \/>\n<div style=\"font-size: 15px;line-height: 1.6\"><strong>\ud83d\udcc5 Inicio: 24\/08\/2026<\/strong><br \/>\n<strong>\ud83c\udfc1 Finalizaci\u00f3n: 9\/9\/2026<\/strong><\/div>\n<hr style=\"margin: 0px 0\" \/>\n<div style=\"position: relative;min-height: 320px;padding: 1px 1px 220px 1px;overflow: hidden\">\n<p><strong><!-- TEXTO --><\/strong><\/p>\n<div style=\"position: relative;z-index: 1\"><span data-sheets-root=\"1\"><br \/>\n<strong>Gesti\u00f3n Operativa de G\u00f3ndola: Ejecutar la reposici\u00f3n y el <\/strong><strong>frenteado<\/strong><\/span><\/div>\n<div style=\"position: relative;z-index: 1\"><span data-sheets-root=\"1\"><strong>de productos con criterios comerciales, <\/strong><strong>asegurando que la<\/strong><\/span><\/div>\n<div style=\"position: relative;z-index: 1\"><span data-sheets-root=\"1\"><strong>superficie de exhibici\u00f3n potencie la <\/strong><strong>rotaci\u00f3n y la visibilidad de las<\/strong><\/span><\/div>\n<div style=\"position: relative;z-index: 1\"><span data-sheets-root=\"1\"><strong>marcas. Control de Stock <\/strong><strong>y Rotaci\u00f3n: Aplicar m\u00e9todos de gesti\u00f3n de<\/strong><\/span><\/div>\n<div style=\"position: relative;z-index: 1\"><span data-sheets-root=\"1\"><strong>inventario <\/strong><strong>(como FIFO\/FEFO), garantizando la correcta rotaci\u00f3n de<\/strong><br \/>\n<strong>los productos seg\u00fan sus fechas de vencimiento para <\/strong><strong>minimizar<\/strong><\/span><\/div>\n<div style=\"position: relative;z-index: 1\"><span data-sheets-root=\"1\"><strong>mermas y asegurar la frescura. Se\u00f1alizaci\u00f3n y <\/strong><strong>Precios: Gestionar la<\/strong><\/span><\/div>\n<div style=\"position: relative;z-index: 1\"><span data-sheets-root=\"1\"><strong>correcta colocaci\u00f3n de flejes, <\/strong><strong>etiquetas de precios y carteler\u00eda <\/strong><\/span><\/div>\n<div style=\"position: relative;z-index: 1\"><span data-sheets-root=\"1\"><strong>promocional, verificando <\/strong><strong>la coincidencia entre el valor en g\u00f3ndola y<\/strong><\/span><\/div>\n<div style=\"position: relative;z-index: 1\"><span data-sheets-root=\"1\"><strong>el sistema <\/strong><strong>para evitar conflictos de caja. Gesti\u00f3n de Dep\u00f3sito y <\/strong><strong>Pedidos:<\/strong><\/span><\/div>\n<div style=\"position: relative;z-index: 1\"><span data-sheets-root=\"1\"><strong>Organizar la log\u00edstica interna del establecimiento, <\/strong><strong>desde la recepci\u00f3n y<\/strong><\/span><\/div>\n<div style=\"position: relative;z-index: 1\"><span data-sheets-root=\"1\"><strong>estibaje de mercader\u00eda hasta la <\/strong><strong>preparaci\u00f3n de pedidos (picking) para<\/strong><\/span><\/div>\n<div style=\"position: relative;z-index: 1\"><span data-sheets-root=\"1\"><strong>ventas digitales o <\/strong><strong>reposici\u00f3n planificada. Manipulaci\u00f3n Segura de<\/strong><\/span><\/div>\n<div style=\"position: relative;z-index: 1\"><span data-sheets-root=\"1\"><strong>Productos: <\/strong><strong>Aplicar protocolos espec\u00edficos para el manejo de<\/strong><br \/>\n<strong>productos secos, frescos y congelados, garantizando el<\/strong><br \/>\n<strong>mantenimiento de la cadena de fr\u00edo y las normas de <\/strong><strong>higiene y seguridad<\/strong><\/span><\/div>\n<div style=\"position: relative;z-index: 1\"><span data-sheets-root=\"1\"><strong> alimentaria. Atenci\u00f3n al Cliente: <\/strong><strong>Brindar asistencia directa a los <\/strong><\/span><\/div>\n<div style=\"position: relative;z-index: 1\"><span data-sheets-root=\"1\"><strong>consumidores en el sal\u00f3n <\/strong><strong>de ventas, orient\u00e1ndolos de manera proactiva<\/strong><\/span><\/div>\n<div style=\"position: relative;z-index: 1\"><span data-sheets-root=\"1\"><strong> y resolviendo <\/strong><strong>dudas sobre la ubicaci\u00f3n y disponibilidad de productos.<\/strong><br \/>\n<\/span><\/div>\n<\/div>\n<hr \/>\n<div style=\"background: url('https:\/\/www.santafe.gob.ar\/ms\/impulsa\/wp-content\/uploads\/sites\/67\/2026\/08\/franja.png') center center \/ cover no-repeat;height: 52px;line-height: 52px;padding: 0 12px;font-weight: bold;color: #ffffff;font-size: 14px\">Proy: 3 &#8211; 97 &#8211; 26<\/div>\n<p>[\/et_pb_text][\/et_pb_column]<br \/>\n\t\t\t[\/et_pb_row]<br \/>\n\t\t[\/et_pb_section]<\/p>\n","protected":false},"featured_media":3189,"menu_order":0,"template":"","meta":{"_acf_changed":false,"_et_pb_use_builder":"on","_et_pb_old_content":"<!-- FONDO MOSAICO -->\r\n<div style=\"position: absolute;top: 0;left: 0;right: 0;bottom: 0;background-image: url('https:\/\/www.santafe.gob.ar\/ms\/impulsa\/wp-content\/uploads\/sites\/67\/2026\/08\/FondoImpulsa.png');background-repeat: repeat;background-size: 120px auto;background-position: center;opacity: 0.1;z-index: 0\"><\/div>\r\n<div style=\"background: #d32f2f;color: #ffffff;text-align: center;font-weight: bold;font-size: 18px;padding: 12px 0;letter-spacing: 0.5px\">\ud83d\udeab INSCRIPCIONES FINALIZADAS<\/div>\r\n\r\n<hr \/>\r\n\r\n<div style=\"font-size: 15px;line-height: 1.6\"><strong>\ud83d\udcc5 Inicio: 24\/08\/2026<\/strong>\r\n<strong>\ud83c\udfc1 Finalizaci\u00f3n: 9\/9\/2026<\/strong><\/div>\r\n\r\n<hr style=\"margin: 0px 0\" \/>\r\n\r\n<div style=\"position: relative;min-height: 320px;padding: 1px 1px 220px 1px;overflow: hidden\">\r\n\r\n<strong><!-- TEXTO --><\/strong>\r\n<div style=\"position: relative;z-index: 1\"><span data-sheets-root=\"1\">\r\n<strong>Gesti\u00f3n Operativa de G\u00f3ndola: Ejecutar la reposici\u00f3n y el <\/strong><strong>frenteado<\/strong><\/span><\/div>\r\n<div style=\"position: relative;z-index: 1\"><span data-sheets-root=\"1\"><strong>de productos con criterios comerciales, <\/strong><strong>asegurando que la<\/strong><\/span><\/div>\r\n<div style=\"position: relative;z-index: 1\"><span data-sheets-root=\"1\"><strong>superficie de exhibici\u00f3n potencie la <\/strong><strong>rotaci\u00f3n y la visibilidad de las<\/strong><\/span><\/div>\r\n<div style=\"position: relative;z-index: 1\"><span data-sheets-root=\"1\"><strong>marcas. Control de Stock <\/strong><strong>y Rotaci\u00f3n: Aplicar m\u00e9todos de gesti\u00f3n de<\/strong><\/span><\/div>\r\n<div style=\"position: relative;z-index: 1\"><span data-sheets-root=\"1\"><strong>inventario <\/strong><strong>(como FIFO\/FEFO), garantizando la correcta rotaci\u00f3n de<\/strong>\r\n<strong>los productos seg\u00fan sus fechas de vencimiento para <\/strong><strong>minimizar<\/strong><\/span><\/div>\r\n<div style=\"position: relative;z-index: 1\"><span data-sheets-root=\"1\"><strong>mermas y asegurar la frescura. Se\u00f1alizaci\u00f3n y <\/strong><strong>Precios: Gestionar la<\/strong><\/span><\/div>\r\n<div style=\"position: relative;z-index: 1\"><span data-sheets-root=\"1\"><strong>correcta colocaci\u00f3n de flejes, <\/strong><strong>etiquetas de precios y carteler\u00eda <\/strong><\/span><\/div>\r\n<div style=\"position: relative;z-index: 1\"><span data-sheets-root=\"1\"><strong>promocional, verificando <\/strong><strong>la coincidencia entre el valor en g\u00f3ndola y<\/strong><\/span><\/div>\r\n<div style=\"position: relative;z-index: 1\"><span data-sheets-root=\"1\"><strong>el sistema <\/strong><strong>para evitar conflictos de caja. Gesti\u00f3n de Dep\u00f3sito y <\/strong><strong>Pedidos:<\/strong><\/span><\/div>\r\n<div style=\"position: relative;z-index: 1\"><span data-sheets-root=\"1\"><strong>Organizar la log\u00edstica interna del establecimiento, <\/strong><strong>desde la recepci\u00f3n y<\/strong><\/span><\/div>\r\n<div style=\"position: relative;z-index: 1\"><span data-sheets-root=\"1\"><strong>estibaje de mercader\u00eda hasta la <\/strong><strong>preparaci\u00f3n de pedidos (picking) para<\/strong><\/span><\/div>\r\n<div style=\"position: relative;z-index: 1\"><span data-sheets-root=\"1\"><strong>ventas digitales o <\/strong><strong>reposici\u00f3n planificada. Manipulaci\u00f3n Segura de<\/strong><\/span><\/div>\r\n<div style=\"position: relative;z-index: 1\"><span data-sheets-root=\"1\"><strong>Productos: <\/strong><strong>Aplicar protocolos espec\u00edficos para el manejo de<\/strong>\r\n<strong>productos secos, frescos y congelados, garantizando el<\/strong>\r\n<strong>mantenimiento de la cadena de fr\u00edo y las normas de <\/strong><strong>higiene y seguridad<\/strong><\/span><\/div>\r\n<div style=\"position: relative;z-index: 1\"><span data-sheets-root=\"1\"><strong> alimentaria. Atenci\u00f3n al Cliente: <\/strong><strong>Brindar asistencia directa a los <\/strong><\/span><\/div>\r\n<div style=\"position: relative;z-index: 1\"><span data-sheets-root=\"1\"><strong>consumidores en el sal\u00f3n <\/strong><strong>de ventas, orient\u00e1ndolos de manera proactiva<\/strong><\/span><\/div>\r\n<div style=\"position: relative;z-index: 1\"><span data-sheets-root=\"1\"><strong> y resolviendo <\/strong><strong>dudas sobre la ubicaci\u00f3n y disponibilidad de productos.<\/strong>\r\n<\/span><\/div>\r\n<\/div>\r\n\r\n<hr \/>\r\n\r\n<div style=\"background: url('https:\/\/www.santafe.gob.ar\/ms\/impulsa\/wp-content\/uploads\/sites\/67\/2026\/08\/franja.png') center center \/ cover no-repeat;height: 52px;line-height: 52px;padding: 0 12px;font-weight: bold;color: #ffffff;font-size: 14px\">Proy: 3 - 97 - 26<\/div>","_et_gb_content_width":""},"destacado":[],"localidad":[49],"matriz-productiva":[30],"class_list":["post-3436","oferta-formativa","type-oferta-formativa","status-publish","has-post-thumbnail","hentry","localidad-santa-fe","matriz-productiva-comercio-y-servicios"],"acf":{"matriz_productiva":[30],"institucion_oferente":"ASOCIACION COOPERADORA DE LA FACULTAD DE CIENCIAS ECONOMICAS UNIVERSIDAD NACIONAL DEL LITORAL","horas_catedra":"","horas_reloj":18,"modalidad":"Virtual","requisitos_de_ingreso":"Mayores de 18 a\u00f1os y secundario completo. ","localidades_de_dictado":[49],"fecha_de_ingreso":"20260824","link_a_inscripcion":"","destacado":false},"_links":{"self":[{"href":"https:\/\/www.santafe.gob.ar\/ms\/impulsa\/wp-json\/wp\/v2\/oferta-formativa\/3436","targetHints":{"allow":["GET"]}}],"collection":[{"href":"https:\/\/www.santafe.gob.ar\/ms\/impulsa\/wp-json\/wp\/v2\/oferta-formativa"}],"about":[{"href":"https:\/\/www.santafe.gob.ar\/ms\/impulsa\/wp-json\/wp\/v2\/types\/oferta-formativa"}],"acf:term":[{"embeddable":true,"taxonomy":"localidad","href":"https:\/\/www.santafe.gob.ar\/ms\/impulsa\/wp-json\/wp\/v2\/localidad\/49"},{"embeddable":true,"taxonomy":"matriz-productiva","href":"https:\/\/www.santafe.gob.ar\/ms\/impulsa\/wp-json\/wp\/v2\/matriz-productiva\/30"}],"wp:featuredmedia":[{"embeddable":true,"href":"https:\/\/www.santafe.gob.ar\/ms\/impulsa\/wp-json\/wp\/v2\/media\/3189"}],"wp:attachment":[{"href":"https:\/\/www.santafe.gob.ar\/ms\/impulsa\/wp-json\/wp\/v2\/media?parent=3436"}],"wp:term":[{"taxonomy":"destacado","embeddable":true,"href":"https:\/\/www.santafe.gob.ar\/ms\/impulsa\/wp-json\/wp\/v2\/destacado?post=3436"},{"taxonomy":"localidad","embeddable":true,"href":"https:\/\/www.santafe.gob.ar\/ms\/impulsa\/wp-json\/wp\/v2\/localidad?post=3436"},{"taxonomy":"matriz-productiva","embeddable":true,"href":"https:\/\/www.santafe.gob.ar\/ms\/impulsa\/wp-json\/wp\/v2\/matriz-productiva?post=3436"}],"curies":[{"name":"wp","href":"https:\/\/api.w.org\/{rel}","templated":true}]}}

<p>[et_pb_section admin_label=»section»]<br />
			[et_pb_row admin_label=»row»]<br />
				[et_pb_column type=»4_4&#8243;][et_pb_text admin_label=»Text»]<!-- FONDO MOSAICO --></p>
<div style="position: absolute;top: 0;left: 0;right: 0;bottom: 0;background-image: url('https://www.santafe.gob.ar/ms/impulsa/wp-content/uploads/sites/67/2026/08/FondoImpulsa.png');background-repeat: repeat;background-size: 120px auto;background-position: center;opacity: 0.1;z-index: 0"></div>
<div style="background: #d32f2f;color: #ffffff;text-align: center;font-weight: bold;font-size: 18px;padding: 12px 0;letter-spacing: 0.5px">🚫 INSCRIPCIONES FINALIZADAS</div>
<hr />
<div style="font-size: 15px;line-height: 1.6"><strong>📅 Inicio: 24/08/2026</strong><br />
<strong>🏁 Finalización: 9/9/2026</strong></div>
<hr style="margin: 0px 0" />
<div style="position: relative;min-height: 320px;padding: 1px 1px 220px 1px;overflow: hidden">
<p><strong><!-- TEXTO --></strong></p>
<div style="position: relative;z-index: 1"><span data-sheets-root="1"><br />
<strong>Gestión Operativa de Góndola: Ejecutar la reposición y el </strong><strong>frenteado</strong></span></div>
<div style="position: relative;z-index: 1"><span data-sheets-root="1"><strong>de productos con criterios comerciales, </strong><strong>asegurando que la</strong></span></div>
<div style="position: relative;z-index: 1"><span data-sheets-root="1"><strong>superficie de exhibición potencie la </strong><strong>rotación y la visibilidad de las</strong></span></div>
<div style="position: relative;z-index: 1"><span data-sheets-root="1"><strong>marcas. Control de Stock </strong><strong>y Rotación: Aplicar métodos de gestión de</strong></span></div>
<div style="position: relative;z-index: 1"><span data-sheets-root="1"><strong>inventario </strong><strong>(como FIFO/FEFO), garantizando la correcta rotación de</strong><br />
<strong>los productos según sus fechas de vencimiento para </strong><strong>minimizar</strong></span></div>
<div style="position: relative;z-index: 1"><span data-sheets-root="1"><strong>mermas y asegurar la frescura. Señalización y </strong><strong>Precios: Gestionar la</strong></span></div>
<div style="position: relative;z-index: 1"><span data-sheets-root="1"><strong>correcta colocación de flejes, </strong><strong>etiquetas de precios y cartelería </strong></span></div>
<div style="position: relative;z-index: 1"><span data-sheets-root="1"><strong>promocional, verificando </strong><strong>la coincidencia entre el valor en góndola y</strong></span></div>
<div style="position: relative;z-index: 1"><span data-sheets-root="1"><strong>el sistema </strong><strong>para evitar conflictos de caja. Gestión de Depósito y </strong><strong>Pedidos:</strong></span></div>
<div style="position: relative;z-index: 1"><span data-sheets-root="1"><strong>Organizar la logística interna del establecimiento, </strong><strong>desde la recepción y</strong></span></div>
<div style="position: relative;z-index: 1"><span data-sheets-root="1"><strong>estibaje de mercadería hasta la </strong><strong>preparación de pedidos (picking) para</strong></span></div>
<div style="position: relative;z-index: 1"><span data-sheets-root="1"><strong>ventas digitales o </strong><strong>reposición planificada. Manipulación Segura de</strong></span></div>
<div style="position: relative;z-index: 1"><span data-sheets-root="1"><strong>Productos: </strong><strong>Aplicar protocolos específicos para el manejo de</strong><br />
<strong>productos secos, frescos y congelados, garantizando el</strong><br />
<strong>mantenimiento de la cadena de frío y las normas de </strong><strong>higiene y seguridad</strong></span></div>
<div style="position: relative;z-index: 1"><span data-sheets-root="1"><strong> alimentaria. Atención al Cliente: </strong><strong>Brindar asistencia directa a los </strong></span></div>
<div style="position: relative;z-index: 1"><span data-sheets-root="1"><strong>consumidores en el salón </strong><strong>de ventas, orientándolos de manera proactiva</strong></span></div>
<div style="position: relative;z-index: 1"><span data-sheets-root="1"><strong> y resolviendo </strong><strong>dudas sobre la ubicación y disponibilidad de productos.</strong><br />
</span></div>
</div>
<hr />
<div style="background: url('https://www.santafe.gob.ar/ms/impulsa/wp-content/uploads/sites/67/2026/08/franja.png') center center / cover no-repeat;height: 52px;line-height: 52px;padding: 0 12px;font-weight: bold;color: #ffffff;font-size: 14px">Proy: 3 &#8211; 97 &#8211; 26</div>
<p>[/et_pb_text][/et_pb_column]<br />
			[/et_pb_row]<br />
		[/et_pb_section]</p>

<!-- FONDO MOSAICO -->
<div style="position: absolute;top: 0;left: 0;right: 0;bottom: 0;background-image: url('https://www.santafe.gob.ar/ms/impulsa/wp-content/uploads/sites/67/2026/08/FondoImpulsa.png');background-repeat: repeat;background-size: 120px auto;background-position: center;opacity: 0.1;z-index: 0"></div>
<div style="background: #d32f2f;color: #ffffff;text-align: center;font-weight: bold;font-size: 18px;padding: 12px 0;letter-spacing: 0.5px">🚫 INSCRIPCIONES FINALIZADAS</div>

<hr />

<div style="font-size: 15px;line-height: 1.6"><strong>📅 Inicio: 24/08/2026</strong>
<strong>🏁 Finalización: 9/9/2026</strong></div>

<hr style="margin: 0px 0" />

<div style="position: relative;min-height: 320px;padding: 1px 1px 220px 1px;overflow: hidden">

<strong><!-- TEXTO --></strong>
<div style="position: relative;z-index: 1"><span data-sheets-root="1">
<strong>Gestión Operativa de Góndola: Ejecutar la reposición y el </strong><strong>frenteado</strong></span></div>
<div style="position: relative;z-index: 1"><span data-sheets-root="1"><strong>de productos con criterios comerciales, </strong><strong>asegurando que la</strong></span></div>
<div style="position: relative;z-index: 1"><span data-sheets-root="1"><strong>superficie de exhibición potencie la </strong><strong>rotación y la visibilidad de las</strong></span></div>
<div style="position: relative;z-index: 1"><span data-sheets-root="1"><strong>marcas. Control de Stock </strong><strong>y Rotación: Aplicar métodos de gestión de</strong></span></div>
<div style="position: relative;z-index: 1"><span data-sheets-root="1"><strong>inventario </strong><strong>(como FIFO/FEFO), garantizando la correcta rotación de</strong>
<strong>los productos según sus fechas de vencimiento para </strong><strong>minimizar</strong></span></div>
<div style="position: relative;z-index: 1"><span data-sheets-root="1"><strong>mermas y asegurar la frescura. Señalización y </strong><strong>Precios: Gestionar la</strong></span></div>
<div style="position: relative;z-index: 1"><span data-sheets-root="1"><strong>correcta colocación de flejes, </strong><strong>etiquetas de precios y cartelería </strong></span></div>
<div style="position: relative;z-index: 1"><span data-sheets-root="1"><strong>promocional, verificando </strong><strong>la coincidencia entre el valor en góndola y</strong></span></div>
<div style="position: relative;z-index: 1"><span data-sheets-root="1"><strong>el sistema </strong><strong>para evitar conflictos de caja. Gestión de Depósito y </strong><strong>Pedidos:</strong></span></div>
<div style="position: relative;z-index: 1"><span data-sheets-root="1"><strong>Organizar la logística interna del establecimiento, </strong><strong>desde la recepción y</strong></span></div>
<div style="position: relative;z-index: 1"><span data-sheets-root="1"><strong>estibaje de mercadería hasta la </strong><strong>preparación de pedidos (picking) para</strong></span></div>
<div style="position: relative;z-index: 1"><span data-sheets-root="1"><strong>ventas digitales o </strong><strong>reposición planificada. Manipulación Segura de</strong></span></div>
<div style="position: relative;z-index: 1"><span data-sheets-root="1"><strong>Productos: </strong><strong>Aplicar protocolos específicos para el manejo de</strong>
<strong>productos secos, frescos y congelados, garantizando el</strong>
<strong>mantenimiento de la cadena de frío y las normas de </strong><strong>higiene y seguridad</strong></span></div>
<div style="position: relative;z-index: 1"><span data-sheets-root="1"><strong> alimentaria. Atención al Cliente: </strong><strong>Brindar asistencia directa a los </strong></span></div>
<div style="position: relative;z-index: 1"><span data-sheets-root="1"><strong>consumidores en el salón </strong><strong>de ventas, orientándolos de manera proactiva</strong></span></div>
<div style="position: relative;z-index: 1"><span data-sheets-root="1"><strong> y resolviendo </strong><strong>dudas sobre la ubicación y disponibilidad de productos.</strong>
</span></div>
</div>

<hr />

<div style="background: url('https://www.santafe.gob.ar/ms/impulsa/wp-content/uploads/sites/67/2026/08/franja.png') center center / cover no-repeat;height: 52px;line-height: 52px;padding: 0 12px;font-weight: bold;color: #ffffff;font-size: 14px">Proy: 3 - 97 - 26</div>

Mayores de 18 años y secundario completo.
