{"id":592,"date":"2024-04-18T13:57:08","date_gmt":"2024-04-18T16:57:08","guid":{"rendered":"https:\/\/www.santafe.gob.ar\/ms\/impulsa\/?post_type=oferta-formativa&#038;p=592"},"modified":"2024-04-22T12:15:13","modified_gmt":"2024-04-22T15:15:13","slug":"auxiliar-administrativo-contable-2","status":"publish","type":"oferta-formativa","link":"https:\/\/www.santafe.gob.ar\/ms\/impulsa\/oferta-formativa\/auxiliar-administrativo-contable-2\/","title":{"rendered":"Auxiliar Administrativo Contable"},"content":{"rendered":"<p><span data-sheets-root=\"1\" data-sheets-value=\"{&quot;1&quot;:2,&quot;2&quot;:&quot;El egresado podr\u00e1 gestionar la contabilidad e impuestos de una cooperativa o PYME. Sabr\u00e1 realizar facturaci\u00f3n a trav\u00e9s de diversos facturadores que ofrece AFIP. Tambien aprender\u00e1 a utilizar diversas paginas web como AFIP, API, HOMEBANKING&quot;}\" data-sheets-userformat=\"{&quot;2&quot;:14845,&quot;3&quot;:{&quot;1&quot;:0,&quot;3&quot;:1},&quot;5&quot;:{&quot;1&quot;:[{&quot;1&quot;:2,&quot;2&quot;:0,&quot;5&quot;:{&quot;1&quot;:2,&quot;2&quot;:0}},{&quot;1&quot;:0,&quot;2&quot;:0,&quot;3&quot;:3},{&quot;1&quot;:1,&quot;2&quot;:0,&quot;4&quot;:1}]},&quot;6&quot;:{&quot;1&quot;:[{&quot;1&quot;:2,&quot;2&quot;:0,&quot;5&quot;:{&quot;1&quot;:2,&quot;2&quot;:0}},{&quot;1&quot;:0,&quot;2&quot;:0,&quot;3&quot;:3},{&quot;1&quot;:1,&quot;2&quot;:0,&quot;4&quot;:1}]},&quot;7&quot;:{&quot;1&quot;:[{&quot;1&quot;:2,&quot;2&quot;:0,&quot;5&quot;:{&quot;1&quot;:2,&quot;2&quot;:0}},{&quot;1&quot;:0,&quot;2&quot;:0,&quot;3&quot;:3},{&quot;1&quot;:1,&quot;2&quot;:0,&quot;4&quot;:1}]},&quot;8&quot;:{&quot;1&quot;:[{&quot;1&quot;:2,&quot;2&quot;:0,&quot;5&quot;:{&quot;1&quot;:2,&quot;2&quot;:0}},{&quot;1&quot;:0,&quot;2&quot;:0,&quot;3&quot;:3},{&quot;1&quot;:1,&quot;2&quot;:0,&quot;4&quot;:1}]},&quot;9&quot;:1,&quot;10&quot;:1,&quot;11&quot;:4,&quot;14&quot;:{&quot;1&quot;:3,&quot;3&quot;:1},&quot;15&quot;:&quot;Arial&quot;,&quot;16&quot;:12}\">El egresado podr\u00e1 gestionar la contabilidad e impuestos de una cooperativa o PYME. Sabr\u00e1 realizar facturaci\u00f3n a trav\u00e9s de diversos facturadores que ofrece AFIP. Tambi\u00e9n aprender\u00e1 a utilizar diversas paginas web como AFIP, API, HOMEBANKING<\/span><\/p>\n","protected":false},"featured_media":593,"menu_order":0,"template":"","meta":{"_acf_changed":false,"_et_pb_use_builder":"","_et_pb_old_content":"","_et_gb_content_width":""},"destacado":[],"localidad":[49],"matriz-productiva":[30],"class_list":["post-592","oferta-formativa","type-oferta-formativa","status-publish","has-post-thumbnail","hentry","localidad-santa-fe","matriz-productiva-comercio-y-servicios"],"acf":{"matriz_productiva":[30],"institucion_oferente":"Asociacion civil frente barrial Santa Fe en articulaci\u00f3n con el Ministerio de Trabajo, Empleo y Seguridad Social de la Provincia de Santa Fe","horas_catedra":"","horas_reloj":79,"modalidad":"Presencial","requisitos_de_ingreso":"Mayores de 18 a\u00f1os, secundario completo o en curso","localidades_de_dictado":[49],"fecha_de_ingreso":"20240508","link_a_inscripcion":"https:\/\/docs.google.com\/forms\/d\/e\/1FAIpQLSellqqQFYhzWsa7h6J9EnEH8_KEThcVmFzYAaB9ajWFd_CbDA\/viewform","destacado":false},"_links":{"self":[{"href":"https:\/\/www.santafe.gob.ar\/ms\/impulsa\/wp-json\/wp\/v2\/oferta-formativa\/592","targetHints":{"allow":["GET"]}}],"collection":[{"href":"https:\/\/www.santafe.gob.ar\/ms\/impulsa\/wp-json\/wp\/v2\/oferta-formativa"}],"about":[{"href":"https:\/\/www.santafe.gob.ar\/ms\/impulsa\/wp-json\/wp\/v2\/types\/oferta-formativa"}],"acf:term":[{"embeddable":true,"taxonomy":"localidad","href":"https:\/\/www.santafe.gob.ar\/ms\/impulsa\/wp-json\/wp\/v2\/localidad\/49"},{"embeddable":true,"taxonomy":"matriz-productiva","href":"https:\/\/www.santafe.gob.ar\/ms\/impulsa\/wp-json\/wp\/v2\/matriz-productiva\/30"}],"wp:featuredmedia":[{"embeddable":true,"href":"https:\/\/www.santafe.gob.ar\/ms\/impulsa\/wp-json\/wp\/v2\/media\/593"}],"wp:attachment":[{"href":"https:\/\/www.santafe.gob.ar\/ms\/impulsa\/wp-json\/wp\/v2\/media?parent=592"}],"wp:term":[{"taxonomy":"destacado","embeddable":true,"href":"https:\/\/www.santafe.gob.ar\/ms\/impulsa\/wp-json\/wp\/v2\/destacado?post=592"},{"taxonomy":"localidad","embeddable":true,"href":"https:\/\/www.santafe.gob.ar\/ms\/impulsa\/wp-json\/wp\/v2\/localidad?post=592"},{"taxonomy":"matriz-productiva","embeddable":true,"href":"https:\/\/www.santafe.gob.ar\/ms\/impulsa\/wp-json\/wp\/v2\/matriz-productiva?post=592"}],"curies":[{"name":"wp","href":"https:\/\/api.w.org\/{rel}","templated":true}]}}

<p><span data-sheets-root="1" data-sheets-value="{&quot;1&quot;:2,&quot;2&quot;:&quot;El egresado podrá gestionar la contabilidad e impuestos de una cooperativa o PYME. Sabrá realizar facturación a través de diversos facturadores que ofrece AFIP. Tambien aprenderá a utilizar diversas paginas web como AFIP, API, HOMEBANKING&quot;}" data-sheets-userformat="{&quot;2&quot;:14845,&quot;3&quot;:{&quot;1&quot;:0,&quot;3&quot;:1},&quot;5&quot;:{&quot;1&quot;:[{&quot;1&quot;:2,&quot;2&quot;:0,&quot;5&quot;:{&quot;1&quot;:2,&quot;2&quot;:0}},{&quot;1&quot;:0,&quot;2&quot;:0,&quot;3&quot;:3},{&quot;1&quot;:1,&quot;2&quot;:0,&quot;4&quot;:1}]},&quot;6&quot;:{&quot;1&quot;:[{&quot;1&quot;:2,&quot;2&quot;:0,&quot;5&quot;:{&quot;1&quot;:2,&quot;2&quot;:0}},{&quot;1&quot;:0,&quot;2&quot;:0,&quot;3&quot;:3},{&quot;1&quot;:1,&quot;2&quot;:0,&quot;4&quot;:1}]},&quot;7&quot;:{&quot;1&quot;:[{&quot;1&quot;:2,&quot;2&quot;:0,&quot;5&quot;:{&quot;1&quot;:2,&quot;2&quot;:0}},{&quot;1&quot;:0,&quot;2&quot;:0,&quot;3&quot;:3},{&quot;1&quot;:1,&quot;2&quot;:0,&quot;4&quot;:1}]},&quot;8&quot;:{&quot;1&quot;:[{&quot;1&quot;:2,&quot;2&quot;:0,&quot;5&quot;:{&quot;1&quot;:2,&quot;2&quot;:0}},{&quot;1&quot;:0,&quot;2&quot;:0,&quot;3&quot;:3},{&quot;1&quot;:1,&quot;2&quot;:0,&quot;4&quot;:1}]},&quot;9&quot;:1,&quot;10&quot;:1,&quot;11&quot;:4,&quot;14&quot;:{&quot;1&quot;:3,&quot;3&quot;:1},&quot;15&quot;:&quot;Arial&quot;,&quot;16&quot;:12}">El egresado podrá gestionar la contabilidad e impuestos de una cooperativa o PYME. Sabrá realizar facturación a través de diversos facturadores que ofrece AFIP. También aprenderá a utilizar diversas paginas web como AFIP, API, HOMEBANKING</span></p>

Asociacion civil frente barrial Santa Fe en articulación con el Ministerio de Trabajo, Empleo y Seguridad Social de la Provincia de Santa Fe

Mayores de 18 años, secundario completo o en curso
