{"id":126,"date":"2025-06-17T13:40:05","date_gmt":"2025-06-17T16:40:05","guid":{"rendered":"https:\/\/www.santafe.gob.ar\/ms\/innovacion-publica\/?page_id=126"},"modified":"2026-01-21T08:38:58","modified_gmt":"2026-01-21T11:38:58","slug":"aprende-sobre-innovacion","status":"publish","type":"page","link":"https:\/\/www.santafe.gob.ar\/ms\/innovacion-publica\/aprende-sobre-innovacion\/","title":{"rendered":"Aprend\u00e9 sobre Innovaci\u00f3n"},"content":{"rendered":"<p>[et_pb_section fb_built=\u00bb1&#8243; admin_label=\u00bbsection\u00bb _builder_version=\u00bb4.19.0&#8243; custom_margin=\u00bb3px||||false|false\u00bb custom_padding=\u00bb100px||||false|false\u00bb locked=\u00bboff\u00bb global_colors_info=\u00bb{}\u00bb][et_pb_row _builder_version=\u00bb4.19.0&#8243; _module_preset=\u00bbdefault\u00bb global_colors_info=\u00bb{}\u00bb][et_pb_column type=\u00bb4_4&#8243; _builder_version=\u00bb4.19.0&#8243; _module_preset=\u00bbdefault\u00bb global_colors_info=\u00bb{}\u00bb][et_pb_text _builder_version=\u00bb4.19.0&#8243; _module_preset=\u00bbdefault\u00bb text_font=\u00bbInter|900|||||||\u00bb text_text_color=\u00bb#E52354&#8243; text_font_size=\u00bb42px\u00bb text_line_height=\u00bb1em\u00bb animation_style=\u00bbfade\u00bb global_colors_info=\u00bb{}\u00bb]<\/p>\n<p><strong>Aprend\u00e9 sobre Innovaci\u00f3n<\/strong><\/p>\n<p>[\/et_pb_text][\/et_pb_column][\/et_pb_row][et_pb_row column_structure=\u00bb1_3,1_3,1_3&#8243; _builder_version=\u00bb4.19.0&#8243; _module_preset=\u00bbdefault\u00bb custom_padding=\u00bb||0px|||\u00bb global_colors_info=\u00bb{}\u00bb][et_pb_column type=\u00bb1_3&#8243; _builder_version=\u00bb4.19.0&#8243; _module_preset=\u00bbdefault\u00bb background_color=\u00bbRGBA(255,255,255,0)\u00bb custom_padding=\u00bb20px|30px|35px|30px|false|true\u00bb animation_style=\u00bbfade\u00bb border_radii=\u00bbon|28px|28px|28px|28px\u00bb box_shadow_style=\u00bbpreset1&#8243; global_colors_info=\u00bb{}\u00bb][et_pb_text _builder_version=\u00bb4.19.0&#8243; _module_preset=\u00bbdefault\u00bb text_font=\u00bbInter|800|||||||\u00bb text_text_color=\u00bb#E52354&#8243; text_font_size=\u00bb26px\u00bb text_line_height=\u00bb1.1em\u00bb custom_margin=\u00bb||0px|||\u00bb global_colors_info=\u00bb{}\u00bb]<\/p>\n<p>\u00bfC\u00f3mo gobernar sin datos? (Spoiler, no se puede)<\/p>\n<p>[\/et_pb_text][et_pb_text _builder_version=\u00bb4.19.0&#8243; _module_preset=\u00bbdefault\u00bb text_font=\u00bbInter||||||||\u00bb text_line_height=\u00bb1.4em\u00bb custom_margin=\u00bb14px||34px||false|false\u00bb global_colors_info=\u00bb{}\u00bb]<\/p>\n<p><span style=\"font-weight: 400\">En este video, <\/span><b>Daniel Yankelevich<\/b><span style=\"font-weight: 400\"> explora la crucial importancia de los <\/span><b>datos<\/b><span style=\"font-weight: 400\"> en la toma de decisiones gubernamentales, revelando por qu\u00e9 es imposible una gesti\u00f3n efectiva sin ellos. Descubr\u00ed c\u00f3mo la ausencia de informaci\u00f3n s\u00f3lida impacta directamente en la capacidad de <\/span><b>gobernar<\/b><span style=\"font-weight: 400\"> de manera eficiente.<\/span><\/p>\n<p>[\/et_pb_text][et_pb_button button_url=\u00bbhttps:\/\/www.youtube.com\/watch?v=s9h2GSyrKZo\u00bb url_new_window=\u00bbon\u00bb button_text=\u00bbClick ac\u00e1\u00bb _builder_version=\u00bb4.19.0&#8243; _module_preset=\u00bbdefault\u00bb custom_button=\u00bbon\u00bb button_text_size=\u00bb18px\u00bb button_text_color=\u00bb#FFFFFF\u00bb button_bg_color=\u00bb#E52354&#8243; button_border_radius=\u00bb16px\u00bb global_colors_info=\u00bb{}\u00bb][\/et_pb_button][\/et_pb_column][et_pb_column type=\u00bb1_3&#8243; _builder_version=\u00bb4.19.0&#8243; _module_preset=\u00bbdefault\u00bb background_color=\u00bbRGBA(255,255,255,0)\u00bb custom_padding=\u00bb20px|30px|40px|30px|false|true\u00bb animation_style=\u00bbfade\u00bb border_radii=\u00bbon|28px|28px|28px|28px\u00bb box_shadow_style=\u00bbpreset1&#8243; global_colors_info=\u00bb{}\u00bb][et_pb_text _builder_version=\u00bb4.19.0&#8243; _module_preset=\u00bbdefault\u00bb text_font=\u00bbInter|800|||||||\u00bb text_text_color=\u00bb#E52354&#8243; text_font_size=\u00bb26px\u00bb text_line_height=\u00bb1.1em\u00bb custom_margin=\u00bb||0px|||\u00bb custom_padding=\u00bb|0px||0px||\u00bb global_colors_info=\u00bb{}\u00bb]<\/p>\n<p>Cambio en la Transformaci\u00f3n digital<\/p>\n<p>[\/et_pb_text][et_pb_text _builder_version=\u00bb4.19.0&#8243; _module_preset=\u00bbdefault\u00bb text_font=\u00bbInter||||||||\u00bb text_line_height=\u00bb1.4em\u00bb custom_margin=\u00bb14px||48px||false|false\u00bb global_colors_info=\u00bb{}\u00bb]<\/p>\n<p><span style=\"font-weight: 400\">Juan Gowland, de la Universidad Austral, profundiza en los desaf\u00edos y estrategias clave de la <\/span><b>Gesti\u00f3n del Cambio<\/b><span style=\"font-weight: 400\"> dentro del proceso de <\/span><b>transformaci\u00f3n digital<\/b><span style=\"font-weight: 400\">. Destaca la necesidad de claridad en los roles y responsabilidades para implementar estrategias de manera efectiva. <\/span><\/p>\n<p>[\/et_pb_text][et_pb_button button_url=\u00bbhttps:\/\/www.youtube.com\/watch?v=QMLwbgeGagw\u00bb url_new_window=\u00bbon\u00bb button_text=\u00bbClick ac\u00e1\u00bb _builder_version=\u00bb4.19.0&#8243; _module_preset=\u00bbdefault\u00bb custom_button=\u00bbon\u00bb button_text_size=\u00bb18px\u00bb button_text_color=\u00bb#FFFFFF\u00bb button_bg_color=\u00bb#E52354&#8243; button_border_radius=\u00bb16px\u00bb global_colors_info=\u00bb{}\u00bb][\/et_pb_button][\/et_pb_column][et_pb_column type=\u00bb1_3&#8243; _builder_version=\u00bb4.19.0&#8243; _module_preset=\u00bbdefault\u00bb background_color=\u00bbRGBA(255,255,255,0)\u00bb custom_padding=\u00bb20px|30px|36px|30px|false|true\u00bb animation_style=\u00bbfade\u00bb border_radii=\u00bbon|28px|28px|28px|28px\u00bb box_shadow_style=\u00bbpreset1&#8243; global_colors_info=\u00bb{}\u00bb][et_pb_text _builder_version=\u00bb4.19.0&#8243; _module_preset=\u00bbdefault\u00bb text_font=\u00bbInter|800|||||||\u00bb text_text_color=\u00bb#E52354&#8243; text_font_size=\u00bb26px\u00bb text_line_height=\u00bb1.1em\u00bb link_option_url_new_window=\u00bbon\u00bb global_colors_info=\u00bb{}\u00bb]<\/p>\n<p>Del papel a la IA<\/p>\n<p>[\/et_pb_text][et_pb_text _builder_version=\u00bb4.19.0&#8243; _module_preset=\u00bbdefault\u00bb text_font=\u00bbInter||||||||\u00bb text_line_height=\u00bb1.4em\u00bb custom_margin=\u00bb14px||40px||false|false\u00bb global_colors_info=\u00bb{}\u00bb]<\/p>\n<p><span style=\"font-weight: 400\">Este ciclo de charlas virtuales te sumerge en los desaf\u00edos que enfrenta la Administraci\u00f3n P\u00fablica en su camino del papel a la Inteligencia Artificial. Cont\u00f3 con la participaci\u00f3n de especialistas de renombre nacional e internacional de entidades como CAF, la Universidad Austral Argentina, la UBA y consultores de UNESCO, ofreciendo una perspectiva integral sobre esta transformaci\u00f3n crucial.<\/span><\/p>\n<p>[\/et_pb_text][et_pb_button button_url=\u00bbhttps:\/\/www.youtube.com\/playlist?list=PLJKcMr5XTsSfJrxHAwdI2T_hwtBtpwZBQ\u00bb url_new_window=\u00bbon\u00bb button_text=\u00bbClick ac\u00e1\u00bb _builder_version=\u00bb4.19.0&#8243; _module_preset=\u00bbdefault\u00bb custom_button=\u00bbon\u00bb button_text_size=\u00bb18px\u00bb button_text_color=\u00bb#FFFFFF\u00bb button_bg_color=\u00bb#E52354&#8243; button_border_radius=\u00bb16px\u00bb global_colors_info=\u00bb{}\u00bb][\/et_pb_button][\/et_pb_column][\/et_pb_row][et_pb_row column_structure=\u00bb1_3,1_3,1_3&#8243; _builder_version=\u00bb4.19.0&#8243; _module_preset=\u00bbdefault\u00bb custom_padding=\u00bb||36px|||\u00bb global_colors_info=\u00bb{}\u00bb][et_pb_column type=\u00bb1_3&#8243; _builder_version=\u00bb4.19.0&#8243; _module_preset=\u00bbdefault\u00bb background_color=\u00bbRGBA(255,255,255,0)\u00bb custom_padding=\u00bb20px|30px|32px|30px|false|true\u00bb animation_style=\u00bbfade\u00bb border_radii=\u00bbon|28px|28px|28px|28px\u00bb box_shadow_style=\u00bbpreset1&#8243; global_colors_info=\u00bb{}\u00bb][et_pb_text _builder_version=\u00bb4.19.0&#8243; _module_preset=\u00bbdefault\u00bb text_font=\u00bbInter|800|||||||\u00bb text_text_color=\u00bb#E52354&#8243; text_font_size=\u00bb26px\u00bb text_line_height=\u00bb1.1em\u00bb custom_margin=\u00bb||0px|||\u00bb global_colors_info=\u00bb{}\u00bb]<\/p>\n<p>Despapeliz\u00e1<\/p>\n<p>[\/et_pb_text][et_pb_text _builder_version=\u00bb4.19.0&#8243; _module_preset=\u00bbdefault\u00bb text_font=\u00bbInter||||||||\u00bb text_line_height=\u00bb1.4em\u00bb custom_margin=\u00bb14px||||false|false\u00bb global_colors_info=\u00bb{}\u00bb]<\/p>\n<p><span style=\"font-weight: 400\">Conoc\u00e9 herramientas pr\u00e1cticas que te ayudar\u00e1n a reducir el uso del papel en tu trabajo diario, de forma simple, digital y sostenible. Acced\u00e9 a materiales, normativa clave y obten\u00e9 tu certificado como parte del camino hacia un Estado m\u00e1s \u00e1gil y moderno. \u00a1Ingres\u00e1 ahora al aula virtual y sumate a la transformaci\u00f3n digital!<\/span><\/p>\n<p>[\/et_pb_text][et_pb_button button_url=\u00bbhttps:\/\/www.santafe.gob.ar\/formacionrrhh\/capacitacion\/index.php?action=comision.detalles&amp;idComision=3079&#8243; url_new_window=\u00bbon\u00bb button_text=\u00bbClick ac\u00e1\u00bb _builder_version=\u00bb4.19.0&#8243; _module_preset=\u00bbdefault\u00bb custom_button=\u00bbon\u00bb button_text_size=\u00bb18px\u00bb button_text_color=\u00bb#FFFFFF\u00bb button_bg_color=\u00bb#E52354&#8243; button_border_radius=\u00bb16px\u00bb hover_enabled=\u00bb0&#8243; global_colors_info=\u00bb{}\u00bb sticky_enabled=\u00bb0&#8243;][\/et_pb_button][\/et_pb_column][et_pb_column type=\u00bb1_3&#8243; _builder_version=\u00bb4.19.0&#8243; _module_preset=\u00bbdefault\u00bb background_color=\u00bbRGBA(255,255,255,0)\u00bb custom_padding=\u00bb20px||22px|30px|false|false\u00bb border_radii=\u00bbon|28px|28px|28px|28px\u00bb global_colors_info=\u00bb{}\u00bb][\/et_pb_column][et_pb_column type=\u00bb1_3&#8243; _builder_version=\u00bb4.19.0&#8243; _module_preset=\u00bbdefault\u00bb background_color=\u00bbRGBA(255,255,255,0)\u00bb custom_padding=\u00bb20px||22px|30px|false|false\u00bb border_radii=\u00bbon|28px|28px|28px|28px\u00bb global_colors_info=\u00bb{}\u00bb][\/et_pb_column][\/et_pb_row][\/et_pb_section][et_pb_section fb_built=\u00bb1&#8243; disabled_on=\u00bbon|off|off\u00bb admin_label=\u00bbFooter\u00bb _builder_version=\u00bb4.19.0&#8243; _module_preset=\u00bbdefault\u00bb background_color=\u00bb#E52354&#8243; custom_margin=\u00bb||||false|false\u00bb custom_padding=\u00bb3px||0px||false|false\u00bb saved_tabs=\u00bball\u00bb locked=\u00bboff\u00bb collapsed=\u00bbon\u00bb global_colors_info=\u00bb{%22gcid-1b9885b1-d5db-4c39-ab49-d8f90e824600%22:%91%22background_color%22%93}\u00bb][et_pb_row column_structure=\u00bb1_2,1_2&#8243; _builder_version=\u00bb4.19.3&#8243; _module_preset=\u00bbdefault\u00bb custom_margin=\u00bb-1px|auto||auto||\u00bb global_colors_info=\u00bb{}\u00bb][et_pb_column type=\u00bb1_2&#8243; _builder_version=\u00bb4.19.3&#8243; _module_preset=\u00bbdefault\u00bb global_colors_info=\u00bb{}\u00bb][et_pb_text _builder_version=\u00bb4.19.0&#8243; _module_preset=\u00bbf87d1bab-19cd-468c-9472-54b11a58aae4&#8243; text_font=\u00bbInter||||||||\u00bb text_text_color=\u00bb#FFFFFF\u00bb text_font_size=\u00bb43px\u00bb header_font=\u00bbInter|900|||||||\u00bb header_text_color=\u00bb#FFFFFF\u00bb header_font_size=\u00bb40px\u00bb header_4_text_color=\u00bb#FFFFFF\u00bb locked=\u00bboff\u00bb global_colors_info=\u00bb{}\u00bb]<\/p>\n<h1>\u00bfTen\u00e9s dudas?<\/h1>\n<p>[\/et_pb_text][et_pb_text _builder_version=\u00bb4.19.0&#8243; _module_preset=\u00bbdefault\u00bb text_font=\u00bbInter|900|||||||\u00bb text_text_color=\u00bb#FFFFFF\u00bb text_font_size=\u00bb43px\u00bb header_font=\u00bbInter|900|||||||\u00bb header_text_color=\u00bb#FFFFFF\u00bb header_font_size=\u00bb40px\u00bb header_2_font=\u00bbInter|900|||||||\u00bb header_4_font=\u00bbInter|900|||||||\u00bb header_4_text_color=\u00bb#FFFFFF\u00bb global_colors_info=\u00bb{}\u00bb]<\/p>\n<p>\u00a1Contactanos!<\/p>\n<p>[\/et_pb_text][\/et_pb_column][et_pb_column type=\u00bb1_2&#8243; _builder_version=\u00bb4.19.3&#8243; _module_preset=\u00bbdefault\u00bb global_colors_info=\u00bb{}\u00bb][et_pb_blurb use_icon=\u00bbon\u00bb font_icon=\u00bb&#xe090;||divi||400&#8243; image_icon_width=\u00bb26px\u00bb _builder_version=\u00bb4.19.0&#8243; _module_preset=\u00bb2d615e5d-c1ef-47ca-9897-cc07e31d4b42&#8243; body_font=\u00bbInter||||||||\u00bb body_font_size=\u00bb20px\u00bb header_font_size_tablet=\u00bb15px\u00bb header_font_size_phone=\u00bb14px\u00bb header_font_size_last_edited=\u00bbon|desktop\u00bb locked=\u00bboff\u00bb global_colors_info=\u00bb{}\u00bb]<\/p>\n<p>3413 14 7277<\/p>\n<p>[\/et_pb_blurb][et_pb_blurb url=\u00bbhttps:\/\/mail.google.com\/mail\/u\/0\/?ogbl#inbox?compose=DmwnWrRlQXsmcmnKHLjxRPbHWzjkNvLxtVCQcskdsHGklSDStHsThHHlLXtzCkFHqfHKQNxJZtBQ\u00bb use_icon=\u00bbon\u00bb font_icon=\u00bb&#xe076;||divi||400&#8243; image_icon_width=\u00bb26px\u00bb _builder_version=\u00bb4.19.0&#8243; _module_preset=\u00bb2d615e5d-c1ef-47ca-9897-cc07e31d4b42&#8243; body_font=\u00bbInter||||||||\u00bb body_font_size=\u00bb20px\u00bb locked=\u00bboff\u00bb global_colors_info=\u00bb{}\u00bb]<\/p>\n<p><a href=\"https:\/\/mail.google.com\/mail\/u\/0\/?ogbl#inbox?compose=DmwnWrRlQXsmcmnKHLjxRPbHWzjkNvLxtVCQcskdsHGklSDStHsThHHlLXtzCkFHqfHKQNxJZtBQ\" style=\"color: white\"><span>\u00a0innovacionsgp@santafe.gob.ar<\/span><\/a><\/p>\n<p>[\/et_pb_blurb][et_pb_blurb url=\u00bbhttps:\/\/www.google.com\/maps\/place\/Casa+de+Gobierno+de+Santa+Fe.\/@-31.6582004,-60.7132437,17z\/data=!3m1!4b1!4m6!3m5!1s0x95b5a907e10aa095:0x1712bf0876343c39!8m2!3d-31.658205!4d-60.7106688!16s%2Fg%2F125_dr0p9?entry=ttu&amp;g_ep=EgoyMDI1MDYyMy4yIKXMDSoASAFQAw%3D%3D\u00bb use_icon=\u00bbon\u00bb font_icon=\u00bb&#xf3c5;||fa||900&#8243; image_icon_width=\u00bb26px\u00bb _builder_version=\u00bb4.19.0&#8243; _module_preset=\u00bb2d615e5d-c1ef-47ca-9897-cc07e31d4b42&#8243; header_level=\u00bbh5&#8243; body_font=\u00bbInter|||||||RGBA(255,255,255,0)|\u00bb body_font_size=\u00bb20px\u00bb custom_margin=\u00bb|-104px||||\u00bb locked=\u00bboff\u00bb global_colors_info=\u00bb{}\u00bb]<a href=\"https:\/\/www.google.com\/maps\/place\/Casa+de+Gobierno+de+Santa+Fe.\/@-31.6582004,-60.7132437,17z\/data=!3m1!4b1!4m6!3m5!1s0x95b5a907e10aa095:0x1712bf0876343c39!8m2!3d-31.658205!4d-60.7106688!16s%2Fg%2F125_dr0p9?entry=ttu&amp;g_ep=EgoyMDI1MDYyMy4yIKXMDSoASAFQAw%3D%3D\" style=\"color: white\">2649 3 de Febrero, Santa Fe, Santa Fe<\/a>[\/et_pb_blurb][\/et_pb_column][\/et_pb_row][\/et_pb_section][et_pb_section fb_built=\u00bb1&#8243; disabled_on=\u00bboff|on|on\u00bb admin_label=\u00bbFooter\u00bb _builder_version=\u00bb4.19.0&#8243; _module_preset=\u00bbdefault\u00bb background_color=\u00bb#E52354&#8243; custom_margin=\u00bb||||false|false\u00bb custom_padding=\u00bb3px||0px||false|false\u00bb saved_tabs=\u00bball\u00bb locked=\u00bboff\u00bb collapsed=\u00bbon\u00bb global_colors_info=\u00bb{%22gcid-1b9885b1-d5db-4c39-ab49-d8f90e824600%22:%91%22background_color%22%93}\u00bb][et_pb_row column_structure=\u00bb1_4,1_4,1_2&#8243; _builder_version=\u00bb4.19.3&#8243; _module_preset=\u00bbdefault\u00bb custom_margin=\u00bb-1px|auto||auto||\u00bb custom_padding=\u00bb||6px|||\u00bb global_colors_info=\u00bb{}\u00bb][et_pb_column type=\u00bb1_4&#8243; _builder_version=\u00bb4.19.3&#8243; _module_preset=\u00bbdefault\u00bb global_colors_info=\u00bb{}\u00bb][et_pb_text _builder_version=\u00bb4.19.0&#8243; _module_preset=\u00bbf87d1bab-19cd-468c-9472-54b11a58aae4&#8243; text_font=\u00bbInter||||||||\u00bb text_text_color=\u00bb#FFFFFF\u00bb text_font_size=\u00bb43px\u00bb header_font=\u00bbInter|900|||||||\u00bb header_text_color=\u00bb#FFFFFF\u00bb header_font_size=\u00bb40px\u00bb header_4_text_color=\u00bb#FFFFFF\u00bb locked=\u00bboff\u00bb global_colors_info=\u00bb{}\u00bb]<\/p>\n<h1>\u00bfTen\u00e9s dudas?<\/h1>\n<p>[\/et_pb_text][et_pb_text _builder_version=\u00bb4.19.0&#8243; _module_preset=\u00bbf87d1bab-19cd-468c-9472-54b11a58aae4&#8243; text_font=\u00bbInter||||||||\u00bb text_text_color=\u00bb#FFFFFF\u00bb text_font_size=\u00bb43px\u00bb header_font=\u00bbInter|900|||||||\u00bb header_text_color=\u00bb#FFFFFF\u00bb header_font_size=\u00bb40px\u00bb header_4_text_color=\u00bb#FFFFFF\u00bb locked=\u00bboff\u00bb global_colors_info=\u00bb{}\u00bb]<\/p>\n<h1>\u00a1Cont\u00e1ctanos!<\/h1>\n<p>[\/et_pb_text][et_pb_blurb use_icon=\u00bbon\u00bb font_icon=\u00bb&#xe090;||divi||400&#8243; image_icon_width=\u00bb26px\u00bb _builder_version=\u00bb4.19.0&#8243; _module_preset=\u00bb2d615e5d-c1ef-47ca-9897-cc07e31d4b42&#8243; body_font=\u00bbInter||||||||\u00bb body_font_size=\u00bb20px\u00bb header_font_size_tablet=\u00bb15px\u00bb header_font_size_phone=\u00bb14px\u00bb header_font_size_last_edited=\u00bbon|desktop\u00bb locked=\u00bboff\u00bb global_colors_info=\u00bb{}\u00bb]<\/p>\n<p>3413 14 7277<\/p>\n<p>[\/et_pb_blurb][et_pb_blurb url=\u00bbhttps:\/\/mail.google.com\/mail\/u\/0\/?ogbl#inbox?compose=DmwnWrRlQXsmcmnKHLjxRPbHWzjkNvLxtVCQcskdsHGklSDStHsThHHlLXtzCkFHqfHKQNxJZtBQ\u00bb use_icon=\u00bbon\u00bb font_icon=\u00bb&#xe076;||divi||400&#8243; image_icon_width=\u00bb26px\u00bb _builder_version=\u00bb4.19.0&#8243; _module_preset=\u00bb2d615e5d-c1ef-47ca-9897-cc07e31d4b42&#8243; body_font=\u00bbInter||||||||\u00bb body_font_size=\u00bb20px\u00bb custom_margin=\u00bb||||false|false\u00bb locked=\u00bboff\u00bb global_colors_info=\u00bb{}\u00bb]<a href=\"https:\/\/mail.google.com\/mail\/u\/0\/?ogbl#inbox?compose=DmwnWrRlQXsmcmnKHLjxRPbHWzjkNvLxtVCQcskdsHGklSDStHsThHHlLXtzCkFHqfHKQNxJZtBQ\" style=\"color: white\"><span>\u00a0innovacionsgp@santafe.gob.ar<\/span><\/a>[\/et_pb_blurb][et_pb_blurb url=\u00bbhttps:\/\/www.google.com\/maps\/place\/Casa+de+Gobierno+de+Santa+Fe.\/@-31.6582004,-60.7132437,17z\/data=!3m1!4b1!4m6!3m5!1s0x95b5a907e10aa095:0x1712bf0876343c39!8m2!3d-31.658205!4d-60.7106688!16s%2Fg%2F125_dr0p9?entry=ttu&amp;g_ep=EgoyMDI1MDYyMy4yIKXMDSoASAFQAw%3D%3D\u00bb use_icon=\u00bbon\u00bb font_icon=\u00bb&#xf3c5;||fa||900&#8243; image_icon_width=\u00bb26px\u00bb _builder_version=\u00bb4.19.0&#8243; _module_preset=\u00bb2d615e5d-c1ef-47ca-9897-cc07e31d4b42&#8243; header_level=\u00bbh5&#8243; body_font=\u00bbInter|||||||RGBA(255,255,255,0)|\u00bb body_font_size=\u00bb20px\u00bb custom_margin=\u00bb|-104px||||\u00bb locked=\u00bboff\u00bb global_colors_info=\u00bb{}\u00bb]<a href=\"https:\/\/www.google.com\/maps\/place\/Casa+de+Gobierno+de+Santa+Fe.\/@-31.6582004,-60.7132437,17z\/data=!3m1!4b1!4m6!3m5!1s0x95b5a907e10aa095:0x1712bf0876343c39!8m2!3d-31.658205!4d-60.7106688!16s%2Fg%2F125_dr0p9?entry=ttu&amp;g_ep=EgoyMDI1MDYyMy4yIKXMDSoASAFQAw%3D%3D\" style=\"color: white\">2649 3 de Febrero, Santa Fe,<br \/> Santa Fe<\/a>[\/et_pb_blurb][\/et_pb_column][et_pb_column type=\u00bb1_4&#8243; _builder_version=\u00bb4.19.3&#8243; _module_preset=\u00bbdefault\u00bb global_colors_info=\u00bb{}\u00bb][\/et_pb_column][et_pb_column type=\u00bb1_2&#8243; _builder_version=\u00bb4.19.3&#8243; _module_preset=\u00bbdefault\u00bb global_colors_info=\u00bb{}\u00bb][\/et_pb_column][\/et_pb_row][\/et_pb_section]<\/p>\n","protected":false},"excerpt":{"rendered":"<p>Aprend\u00e9 sobre Innovaci\u00f3n\u00bfC\u00f3mo gobernar sin datos? (Spoiler, no se puede)En este video, Daniel Yankelevich explora la crucial importancia de los datos en la toma de decisiones gubernamentales, revelando por qu\u00e9 [&hellip;]<\/p>\n","protected":false},"author":127451,"featured_media":0,"parent":0,"menu_order":0,"comment_status":"closed","ping_status":"closed","template":"","meta":{"_acf_changed":false,"_et_pb_use_builder":"on","_et_pb_old_content":"","_et_gb_content_width":"","footnotes":""},"class_list":["post-126","page","type-page","status-publish","hentry"],"acf":[],"_links":{"self":[{"href":"https:\/\/www.santafe.gob.ar\/ms\/innovacion-publica\/wp-json\/wp\/v2\/pages\/126","targetHints":{"allow":["GET"]}}],"collection":[{"href":"https:\/\/www.santafe.gob.ar\/ms\/innovacion-publica\/wp-json\/wp\/v2\/pages"}],"about":[{"href":"https:\/\/www.santafe.gob.ar\/ms\/innovacion-publica\/wp-json\/wp\/v2\/types\/page"}],"author":[{"embeddable":true,"href":"https:\/\/www.santafe.gob.ar\/ms\/innovacion-publica\/wp-json\/wp\/v2\/users\/127451"}],"replies":[{"embeddable":true,"href":"https:\/\/www.santafe.gob.ar\/ms\/innovacion-publica\/wp-json\/wp\/v2\/comments?post=126"}],"version-history":[{"count":24,"href":"https:\/\/www.santafe.gob.ar\/ms\/innovacion-publica\/wp-json\/wp\/v2\/pages\/126\/revisions"}],"predecessor-version":[{"id":1370,"href":"https:\/\/www.santafe.gob.ar\/ms\/innovacion-publica\/wp-json\/wp\/v2\/pages\/126\/revisions\/1370"}],"wp:attachment":[{"href":"https:\/\/www.santafe.gob.ar\/ms\/innovacion-publica\/wp-json\/wp\/v2\/media?parent=126"}],"curies":[{"name":"wp","href":"https:\/\/api.w.org\/{rel}","templated":true}]}}