{"id":220,"date":"2024-12-04T17:00:49","date_gmt":"2024-12-04T16:00:49","guid":{"rendered":"https:\/\/www.santafe.gob.ar\/ms\/llave\/?page_id=220"},"modified":"2025-03-20T16:31:19","modified_gmt":"2025-03-20T15:31:19","slug":"operatoria-del-programa","status":"publish","type":"page","link":"https:\/\/www.santafe.gob.ar\/ms\/llave\/operatoria-del-programa\/","title":{"rendered":"\u00bfC\u00f3mo funciona el Programa?"},"content":{"rendered":"<p>[et_pb_section admin_label=\u00bbsection\u00bb]<br \/>\n\t\t\t[et_pb_row admin_label=\u00bbrow\u00bb]<br \/>\n\t\t\t\t[et_pb_column type=\u00bb4_4&#8243;][et_pb_text admin_label=\u00bbText\u00bb]<\/p>\n<h4><strong>\ud83d\udcdd <\/strong><strong>\u00bfC\u00f3mo inscribirse?<\/strong><\/h4>\n<p>Para solicitar el beneficio, simplemente ingres\u00e1 a la <a href=\"https:\/\/www.santafe.gov.ar\/\">p\u00e1gina web de la provincia de Santa Fe<\/a> y complet\u00e1 todo de forma digital.<br \/>\nAntes de empezar, aseg\u00farate de descargar, completar y firmar la Carta de Intenci\u00f3n de Alquiler.<\/p>\n<h4>\ud83d\udccb<strong>\u00bfQu\u00e9 informaci\u00f3n necesit\u00e1s para completar la solicitud?<\/strong><\/h4>\n<p><strong><span class=\"x19la9d6 x1fc57z9 x6ikm8r x10wlt62 x19co3pv x1g5zs5t xfibh0p xiy17q3 x1xsqp64 x1lkfr7t xexx8yu x4uap5 x18d9i69 xkhd6sd\"><span class=\"xrtxmta x1bhl96m\">\ud83e\udeaa <\/span><\/span>Datos personales del inquilino solicitante:<\/strong><\/p>\n<p>Ingres\u00e1 tu nombre, apellido, fecha de nacimiento, g\u00e9nero (seg\u00fan tu DNI), tipo y n\u00famero de documento, CUIT, direcci\u00f3n, tel\u00e9fono y correo electr\u00f3nico.<br \/>\nEn tu DNI debe figurar un domicilio que sea de la provincia de Santa Fe.<br \/>\nNo ten\u00e9s que ser titular de un inmueble dentro de la misma localidad en la cual vas a alquilar.<\/p>\n<p>\ud83d\udc49 <strong>Record\u00e1:<\/strong> Si no cont\u00e1s con ingresos suficientes para solicitar el beneficio, lo puede hacer otra persona en representaci\u00f3n. En este caso, es importante que completes los datos personales de ambos (inquilino y solicitante).<\/p>\n<p>\u25cf <strong>Inquilino:<\/strong> Es quien va a vivir en el domicilio a alquilar.<br \/>\n\u25cf <strong>Solicitante:<\/strong> Es quien va a solicitar el cr\u00e9dito\/garant\u00eda y qui\u00e9n va a firmar el contrato de locaci\u00f3n.<\/p>\n<p>\ud83d\udcc2 <strong>Datos laborales:<br \/>\n<\/strong><br \/>\nAc\u00e1 ten\u00e9s que contarnos sobre tu trabajo:<\/p>\n<p>\u25cf Actividad que realiz\u00e1s<br \/>\n\u25cf Antig\u00fcedad laboral<br \/>\n\u25cf Tus ingresos<br \/>\n\u25cf Lugar de trabajo<br \/>\n\u25cf CUIT de tu empleador<br \/>\n\u25cf Profesi\u00f3n u oficio<\/p>\n<p>\ud83c\udfe0 <strong>Informaci\u00f3n del hogar:<br \/>\n<\/strong><\/p>\n<p>Indic\u00e1 si actualmente alquil\u00e1s, cu\u00e1ntas personas se mudar\u00e1n con vos y si en tu hogar hay hijos menores de 18 a\u00f1os.<\/p>\n<p>\ud83c\udfe2<strong> Datos del inmueble a alquilar:<\/strong><\/p>\n<p>Carg\u00e1 los detalles de la propiedad que quer\u00e9s alquilar:<\/p>\n<p>\u25cf Ubicaci\u00f3n<br \/>\n\u25cf Duraci\u00f3n del contrato (fecha de inicio y fecha de fin)<br \/>\n\u25cf Monto del alquiler (record\u00e1 que el monto no puede superar los 450 UVAs y que NO deb\u00e9s incluir el costo de las expensas)<br \/>\n\u25cf Monto del cr\u00e9dito a solicitar en caso de que hayas seleccionado la opci\u00f3n \u201cSoluciones Econ\u00f3micas\u201d y la cantidad de cuotas.<br \/>\n\u25cf En caso de que hayas solicitado la l\u00ednea \u201cGarant\u00eda\u201d, solo te resta elegir la compa\u00f1\u00eda aseguradora que se ofrece en la misma p\u00e1gina.<\/p>\n<h4><strong>\ud83d\udcd1\u00bfQu\u00e9 son las UVAs?<\/strong><\/h4>\n<p>La Unidad de Valor Adquisitivo (UVA) es el valor que se toma como referencia para mantener actualizado el monto m\u00e1ximo del alquiler que el programa admite. Este valor se puede consultar diariamente en el sitio web del <a href=\"https:\/\/www.bcra.gob.ar\/\">Banco Central de la Rep\u00fablica Argentina<\/a>.<\/p>\n<h4><strong>\ud83d\udce4 \u00bfQu\u00e9 pasa despu\u00e9s de inscribirse?<\/strong><\/h4>\n<p>Una vez inscrito, recibir\u00e1s por correo electr\u00f3nico una confirmaci\u00f3n de que tu solicitud ha sido enviada correctamente.<br \/>\nSi cumpl\u00eds con las condiciones crediticias exigidas por el Banco, recibir\u00e1s otro correo con un c\u00f3digo de identificaci\u00f3n (ID) con el cual podr\u00e1s consultar el estado de tu solicitud y un link de acceso a una carpeta digital (SharePoint) en la cual deber\u00e1s cargar la documentaci\u00f3n que acredite los datos cargados en el formulario virtual:<\/p>\n<p>\ud83d\uddc2\ufe0f <strong>Documentaci\u00f3n a cargar:<br \/>\n<\/strong><\/p>\n<p>Escane\u00e1 o sac\u00e1 fotos claras de los siguientes documentos y adjuntalos:<\/p>\n<p>\u25cf Carta de Intenci\u00f3n completa y firmada por inquilino e inmobiliaria o propietario<br \/>\n\u25cf DNI del inquilino, del solicitante (en caso de corresponder) y de menores de 18 a\u00f1os<br \/>\n\u25cf Comprobantes de ingresos:<br \/>\n\u25cb Empleados y jubilados: \u00daltimos 3 recibos de sueldo<br \/>\n\u25cb Aut\u00f3nomos: Inscripci\u00f3n en ARCA y \u00faltimas 3 presentaciones de IVA o Ganancias<br \/>\n\u25cf Certificado de alumno regular o constancia de inscripci\u00f3n (si sos estudiante).<\/p>\n<h4><strong>\ud83d\udca1 \u00bfQu\u00e9 es un SharePoint?<\/strong><\/h4>\n<p>Es un lugar seguro en la nube donde pod\u00e9s subir, compartir y organizar la informaci\u00f3n desde cualquier dispositivo. Esto nos permite verificar el cumplimiento de los requisitos del programa de manera r\u00e1pida y eficiente.<\/p>\n<p>\u26a0\ufe0f <strong>IMPORTANTE:<\/strong><\/p>\n<p>Record\u00e1 que ten\u00e9s 48 horas para cargar la documentaci\u00f3n en la carpeta digital. Vencido ese plazo, el link que se te envi\u00f3 se anula y no podr\u00e1s realizar ninguna carga ni volver a inscribirte.<\/p>\n<h4><strong>\ud83d\udea6 Instancia final:<\/strong><\/h4>\n<p>Si la documentaci\u00f3n y dem\u00e1s datos cargados en el formulario son aprobados, pas\u00e1s a la instancia final y recibir\u00e1s otro correo con un link de acceso a la <strong>\u00abPLATAFORMA MUNICASH\u00bb<\/strong> donde deber\u00e1s firmar digitalmente los documentos que el Banco requiere para poder otorgar el cr\u00e9dito o emitir la p\u00f3liza.<\/p>\n<h4><strong>\u2705 \u00bfCu\u00e1ndo pod\u00e9s perder el beneficio?<\/strong><\/h4>\n<p>\u00a1Atenci\u00f3n! Pod\u00e9s perder el beneficio autom\u00e1ticamente si:<\/p>\n<p>\u274c No carg\u00e1s la documentaci\u00f3n dentro de las 48 hs.<br \/>\n\u274c No coinciden los datos que declaras en el formulario online y luego en la carta de intenci\u00f3n.<br \/>\n\u274c Falsific\u00e1s u ocult\u00e1s datos.<br \/>\n\u274c Hac\u00e9s declaraciones que no se puedan comprobar con la documentaci\u00f3n.<br \/>\n\u274c Present\u00e1s documentos adulterados en cualquier momento del tr\u00e1mite.<br \/>\n\u274c No carg\u00e1s el contrato de alquiler suscripto en el plazo de 30 d\u00edas contados desde la fecha de otorgamiento del cr\u00e9dito o emisi\u00f3n de la p\u00f3liza.<\/p>\n<h4><strong>\ud83d\udcd1 \u00bfQu\u00e9 hacer una vez otorgado el cr\u00e9dito o emitida la p\u00f3liza?<\/strong><\/h4>\n<p>Si te otorgaron el cr\u00e9dito, ten\u00e9s 30 d\u00edas corridos para presentar el contrato de alquiler firmado y sellado.<br \/>\nSi contrataste el seguro de cauci\u00f3n, el plazo es de 15 d\u00edas corridos para presentar el contrato de alquiler.<\/p>\n<p>\ud83d\udcc2 <strong>El contrato deber\u00e1 cargarse en la carpeta digital de SharePoint<\/strong>, en el mismo enlace donde subiste la documentaci\u00f3n anterior (DNI, carta de intenci\u00f3n, contrato de locaci\u00f3n y dem\u00e1s documentaci\u00f3n complementaria seg\u00fan cada caso).[\/et_pb_text][\/et_pb_column]<br \/>\n\t\t\t[\/et_pb_row]<br \/>\n\t\t[\/et_pb_section]<\/p>\n","protected":false},"excerpt":{"rendered":"<p>\ud83d\udcdd \u00bfC\u00f3mo inscribirse? Para solicitar el beneficio, simplemente ingres\u00e1 a la p\u00e1gina web de la provincia de Santa Fe y complet\u00e1 todo de forma digital. Antes de empezar, aseg\u00farate de descargar, completar y firmar la Carta de Intenci\u00f3n de Alquiler. \ud83d\udccb\u00bfQu\u00e9 informaci\u00f3n necesit\u00e1s para completar la solicitud? \ud83e\udeaa Datos personales del inquilino solicitante: Ingres\u00e1 tu [&hellip;]<\/p>\n","protected":false},"author":82961,"featured_media":0,"parent":0,"menu_order":0,"comment_status":"closed","ping_status":"closed","template":"","meta":{"_acf_changed":false,"_et_pb_use_builder":"on","_et_pb_old_content":"<h4><strong>\ud83d\udcdd <\/strong><strong>\u00bfC\u00f3mo inscribirse?<\/strong><\/h4>\r\nPara solicitar el beneficio, simplemente ingres\u00e1 a la <a href=\"https:\/\/www.santafe.gov.ar\/\">p\u00e1gina web de la provincia de Santa Fe<\/a> y complet\u00e1 todo de forma digital.\r\nAntes de empezar, aseg\u00farate de descargar, completar y firmar la Carta de Intenci\u00f3n de Alquiler.\r\n<h4>\ud83d\udccb<strong>\u00bfQu\u00e9 informaci\u00f3n necesit\u00e1s para completar la solicitud?<\/strong><\/h4>\r\n<strong><span class=\"x19la9d6 x1fc57z9 x6ikm8r x10wlt62 x19co3pv x1g5zs5t xfibh0p xiy17q3 x1xsqp64 x1lkfr7t xexx8yu x4uap5 x18d9i69 xkhd6sd\"><span class=\"xrtxmta x1bhl96m\">\ud83e\udeaa <\/span><\/span>Datos personales del inquilino solicitante:<\/strong>\r\n\r\nIngres\u00e1 tu nombre, apellido, fecha de nacimiento, g\u00e9nero (seg\u00fan tu DNI), tipo y n\u00famero de documento, CUIT, direcci\u00f3n, tel\u00e9fono y correo electr\u00f3nico.\r\nEn tu DNI debe figurar un domicilio que sea de la provincia de Santa Fe.\r\nNo ten\u00e9s que ser titular de un inmueble dentro de la misma localidad en la cual vas a alquilar.\r\n\r\n\ud83d\udc49 <strong>Record\u00e1:<\/strong> Si no cont\u00e1s con ingresos suficientes para solicitar el beneficio, lo puede hacer otra persona en representaci\u00f3n. En este caso, es importante que completes los datos personales de ambos (inquilino y solicitante).\r\n\r\n\u25cf <strong>Inquilino:<\/strong> Es quien va a vivir en el domicilio a alquilar.\r\n\u25cf <strong>Solicitante:<\/strong> Es quien va a solicitar el cr\u00e9dito\/garant\u00eda y qui\u00e9n va a firmar el contrato de locaci\u00f3n.\r\n\r\n\ud83d\udcc2 <strong>Datos laborales:\r\n<\/strong>\r\nAc\u00e1 ten\u00e9s que contarnos sobre tu trabajo:\r\n\r\n\u25cf Actividad que realiz\u00e1s\r\n\u25cf Antig\u00fcedad laboral\r\n\u25cf Tus ingresos\r\n\u25cf Lugar de trabajo\r\n\u25cf CUIT de tu empleador\r\n\u25cf Profesi\u00f3n u oficio\r\n\r\n\ud83c\udfe0 <strong>Informaci\u00f3n del hogar:\r\n<\/strong>\r\n\r\nIndic\u00e1 si actualmente alquil\u00e1s, cu\u00e1ntas personas se mudar\u00e1n con vos y si en tu hogar hay hijos menores de 18 a\u00f1os.\r\n\r\n\ud83c\udfe2<strong> Datos del inmueble a alquilar:<\/strong>\r\n\r\nCarg\u00e1 los detalles de la propiedad que quer\u00e9s alquilar:\r\n\r\n\u25cf Ubicaci\u00f3n\r\n\u25cf Duraci\u00f3n del contrato (fecha de inicio y fecha de fin)\r\n\u25cf Monto del alquiler (record\u00e1 que el monto no puede superar los 450 UVAs y que NO deb\u00e9s incluir el costo de las expensas)\r\n\u25cf Monto del cr\u00e9dito a solicitar en caso de que hayas seleccionado la opci\u00f3n \u201cSoluciones Econ\u00f3micas\u201d y la cantidad de cuotas.\r\n\u25cf En caso de que hayas solicitado la l\u00ednea \u201cGarant\u00eda\u201d, solo te resta elegir la compa\u00f1\u00eda aseguradora que se ofrece en la misma p\u00e1gina.\r\n<h4><strong>\ud83d\udcd1\u00bfQu\u00e9 son las UVAs?<\/strong><\/h4>\r\nLa Unidad de Valor Adquisitivo (UVA) es el valor que se toma como referencia para mantener actualizado el monto m\u00e1ximo del alquiler que el programa admite. Este valor se puede consultar diariamente en el sitio web del <a href=\"https:\/\/www.bcra.gob.ar\/\">Banco Central de la Rep\u00fablica Argentina<\/a>.\r\n<h4><strong>\ud83d\udce4 \u00bfQu\u00e9 pasa despu\u00e9s de inscribirse?<\/strong><\/h4>\r\nUna vez inscrito, recibir\u00e1s por correo electr\u00f3nico una confirmaci\u00f3n de que tu solicitud ha sido enviada correctamente.\r\nSi cumpl\u00eds con las condiciones crediticias exigidas por el Banco, recibir\u00e1s otro correo con un c\u00f3digo de identificaci\u00f3n (ID) con el cual podr\u00e1s consultar el estado de tu solicitud y un link de acceso a una carpeta digital (SharePoint) en la cual deber\u00e1s cargar la documentaci\u00f3n que acredite los datos cargados en el formulario virtual:\r\n\r\n\ud83d\uddc2\ufe0f <strong>Documentaci\u00f3n a cargar:\r\n<\/strong>\r\n\r\nEscane\u00e1 o sac\u00e1 fotos claras de los siguientes documentos y adjuntalos:\r\n\r\n\u25cf Carta de Intenci\u00f3n completa y firmada por inquilino e inmobiliaria o propietario\r\n\u25cf DNI del inquilino, del solicitante (en caso de corresponder) y de menores de 18 a\u00f1os\r\n\u25cf Comprobantes de ingresos:\r\n\u25cb Empleados y jubilados: \u00daltimos 3 recibos de sueldo\r\n\u25cb Aut\u00f3nomos: Inscripci\u00f3n en ARCA y \u00faltimas 3 presentaciones de IVA o Ganancias\r\n\u25cf Certificado de alumno regular o constancia de inscripci\u00f3n (si sos estudiante).\r\n<h4><strong>\ud83d\udca1 \u00bfQu\u00e9 es un SharePoint?<\/strong><\/h4>\r\nEs un lugar seguro en la nube donde pod\u00e9s subir, compartir y organizar la informaci\u00f3n desde cualquier dispositivo. Esto nos permite verificar el cumplimiento de los requisitos del programa de manera r\u00e1pida y eficiente.\r\n\r\n\u26a0\ufe0f <strong>IMPORTANTE:<\/strong>\r\n\r\nRecord\u00e1 que ten\u00e9s 48 horas para cargar la documentaci\u00f3n en la carpeta digital. Vencido ese plazo, el link que se te envi\u00f3 se anula y no podr\u00e1s realizar ninguna carga ni volver a inscribirte.\r\n<h4><strong>\ud83d\udea6 Instancia final:<\/strong><\/h4>\r\nSi la documentaci\u00f3n y dem\u00e1s datos cargados en el formulario son aprobados, pas\u00e1s a la instancia final y recibir\u00e1s otro correo con un link de acceso a la <strong>\"PLATAFORMA MUNICASH\"<\/strong> donde deber\u00e1s firmar digitalmente los documentos que el Banco requiere para poder otorgar el cr\u00e9dito o emitir la p\u00f3liza.\r\n<h4><strong>\u2705 \u00bfCu\u00e1ndo pod\u00e9s perder el beneficio?<\/strong><\/h4>\r\n\u00a1Atenci\u00f3n! Pod\u00e9s perder el beneficio autom\u00e1ticamente si:\r\n\r\n\u274c No carg\u00e1s la documentaci\u00f3n dentro de las 48 hs.\r\n\u274c No coinciden los datos que declaras en el formulario online y luego en la carta de intenci\u00f3n.\r\n\u274c Falsific\u00e1s u ocult\u00e1s datos.\r\n\u274c Hac\u00e9s declaraciones que no se puedan comprobar con la documentaci\u00f3n.\r\n\u274c Present\u00e1s documentos adulterados en cualquier momento del tr\u00e1mite.\r\n\u274c No carg\u00e1s el contrato de alquiler suscripto en el plazo de 30 d\u00edas contados desde la fecha de otorgamiento del cr\u00e9dito o emisi\u00f3n de la p\u00f3liza.\r\n<h4><strong>\ud83d\udcd1 \u00bfQu\u00e9 hacer una vez otorgado el cr\u00e9dito o emitida la p\u00f3liza?<\/strong><\/h4>\r\nSi te otorgaron el cr\u00e9dito, ten\u00e9s 30 d\u00edas corridos para presentar el contrato de alquiler firmado y sellado.\r\nSi contrataste el seguro de cauci\u00f3n, el plazo es de 15 d\u00edas corridos para presentar el contrato de alquiler.\r\n\r\n\ud83d\udcc2 <strong>El contrato deber\u00e1 cargarse en la carpeta digital de SharePoint<\/strong>, en el mismo enlace donde subiste la documentaci\u00f3n anterior (DNI, carta de intenci\u00f3n, contrato de locaci\u00f3n y dem\u00e1s documentaci\u00f3n complementaria seg\u00fan cada caso).","_et_gb_content_width":"","footnotes":""},"class_list":["post-220","page","type-page","status-publish","hentry"],"acf":[],"_links":{"self":[{"href":"https:\/\/www.santafe.gob.ar\/ms\/llave\/wp-json\/wp\/v2\/pages\/220","targetHints":{"allow":["GET"]}}],"collection":[{"href":"https:\/\/www.santafe.gob.ar\/ms\/llave\/wp-json\/wp\/v2\/pages"}],"about":[{"href":"https:\/\/www.santafe.gob.ar\/ms\/llave\/wp-json\/wp\/v2\/types\/page"}],"author":[{"embeddable":true,"href":"https:\/\/www.santafe.gob.ar\/ms\/llave\/wp-json\/wp\/v2\/users\/82961"}],"replies":[{"embeddable":true,"href":"https:\/\/www.santafe.gob.ar\/ms\/llave\/wp-json\/wp\/v2\/comments?post=220"}],"version-history":[{"count":10,"href":"https:\/\/www.santafe.gob.ar\/ms\/llave\/wp-json\/wp\/v2\/pages\/220\/revisions"}],"predecessor-version":[{"id":307,"href":"https:\/\/www.santafe.gob.ar\/ms\/llave\/wp-json\/wp\/v2\/pages\/220\/revisions\/307"}],"wp:attachment":[{"href":"https:\/\/www.santafe.gob.ar\/ms\/llave\/wp-json\/wp\/v2\/media?parent=220"}],"curies":[{"name":"wp","href":"https:\/\/api.w.org\/{rel}","templated":true}]}}