{"id":239,"date":"2024-12-04T18:46:53","date_gmt":"2024-12-04T17:46:53","guid":{"rendered":"https:\/\/www.santafe.gob.ar\/ms\/llave\/?page_id=239"},"modified":"2024-12-09T16:09:54","modified_gmt":"2024-12-09T15:09:54","slug":"solucion-economica","status":"publish","type":"page","link":"https:\/\/www.santafe.gob.ar\/ms\/llave\/solucion-economica\/","title":{"rendered":"Soluci\u00f3n Econ\u00f3mica"},"content":{"rendered":"<p>La l\u00ednea consiste en un cr\u00e9dito personal sin inter\u00e9s, destinado a brindar apoyo financiero a inquilinos para afrontar los gastos operativos y administrativos vinculados a la suscripci\u00f3n del contrato de alquiler o su renovaci\u00f3n (honorarios, comisiones, gastos de mudanzas, conexiones de servicios).<\/p>\n<h4>Caracter\u00edsticas del cr\u00e9dito:<\/h4>\n<p><strong>Monto del Cr\u00e9dito:<\/strong> El monto m\u00e1ximo del cr\u00e9dito a otorgar ser\u00e1 el equivalente a 3 veces el valor del alquiler mensual. Para acceder al beneficio, el monto del alquiler no debe superar las 450 UVAs. La \u201cUnidad de Valor Adquisitivo\u201d (UVA) es un indicador que publica el BCRA diariamente y servir\u00e1 para mantener actualizado el valor de los montos de alquiler sobre los que se calcula el cr\u00e9dito a otorgar.<\/p>\n<p><strong>Beneficio:<\/strong> Cuotas sin inter\u00e9s. Bonificaci\u00f3n de la tasa de inter\u00e9s por la Provincia de Santa Fe.<\/p>\n<p><strong>Plazo de Devoluci\u00f3n:<\/strong> Se podr\u00e1 optar por un plazo de devoluci\u00f3n de hasta 24 cuotas, dependiendo del plazo de duraci\u00f3n del contrato de alquiler. Si el contrato es de 12 meses, se podr\u00e1 optar por devolver el credito hasta en 12 cuotas.<\/p>\n<p><a href='https:\/\/www.santafe.gob.ar\/ms\/llave\/wp-content\/uploads\/sites\/83\/2024\/12\/LLAVE-FORMULARIO_Carta-de-Intencion.pdf' class='small-button smallsilver' target=\"_blank\">Descargar Carta de Intenci\u00f3n<\/a> <a href='https:\/\/www.bmros.com.ar\/llave' class='small-button smallblack' target=\"_blank\">Completar Solicitud<\/a><\/p>\n","protected":false},"excerpt":{"rendered":"<p>La l\u00ednea consiste en un cr\u00e9dito personal sin inter\u00e9s, destinado a brindar apoyo financiero a inquilinos para afrontar los gastos operativos y administrativos vinculados a la suscripci\u00f3n del contrato de alquiler o su renovaci\u00f3n (honorarios, comisiones, gastos de mudanzas, conexiones de servicios). Caracter\u00edsticas del cr\u00e9dito: Monto del Cr\u00e9dito: El monto m\u00e1ximo del cr\u00e9dito a otorgar [&hellip;]<\/p>\n","protected":false},"author":82961,"featured_media":0,"parent":0,"menu_order":0,"comment_status":"closed","ping_status":"closed","template":"","meta":{"_acf_changed":false,"_et_pb_use_builder":"","_et_pb_old_content":"","_et_gb_content_width":"","footnotes":""},"class_list":["post-239","page","type-page","status-publish","hentry"],"acf":[],"_links":{"self":[{"href":"https:\/\/www.santafe.gob.ar\/ms\/llave\/wp-json\/wp\/v2\/pages\/239","targetHints":{"allow":["GET"]}}],"collection":[{"href":"https:\/\/www.santafe.gob.ar\/ms\/llave\/wp-json\/wp\/v2\/pages"}],"about":[{"href":"https:\/\/www.santafe.gob.ar\/ms\/llave\/wp-json\/wp\/v2\/types\/page"}],"author":[{"embeddable":true,"href":"https:\/\/www.santafe.gob.ar\/ms\/llave\/wp-json\/wp\/v2\/users\/82961"}],"replies":[{"embeddable":true,"href":"https:\/\/www.santafe.gob.ar\/ms\/llave\/wp-json\/wp\/v2\/comments?post=239"}],"version-history":[{"count":19,"href":"https:\/\/www.santafe.gob.ar\/ms\/llave\/wp-json\/wp\/v2\/pages\/239\/revisions"}],"predecessor-version":[{"id":292,"href":"https:\/\/www.santafe.gob.ar\/ms\/llave\/wp-json\/wp\/v2\/pages\/239\/revisions\/292"}],"wp:attachment":[{"href":"https:\/\/www.santafe.gob.ar\/ms\/llave\/wp-json\/wp\/v2\/media?parent=239"}],"curies":[{"name":"wp","href":"https:\/\/api.w.org\/{rel}","templated":true}]}}