{"id":255,"date":"2024-12-04T18:49:19","date_gmt":"2024-12-04T17:49:19","guid":{"rendered":"https:\/\/www.santafe.gob.ar\/ms\/llave\/?page_id=255"},"modified":"2024-12-09T16:09:55","modified_gmt":"2024-12-09T15:09:55","slug":"garantia","status":"publish","type":"page","link":"https:\/\/www.santafe.gob.ar\/ms\/llave\/garantia\/","title":{"rendered":"Garant\u00eda"},"content":{"rendered":"<p>Creada para generar una alternativa a las garant\u00edas tradicionales (propietarias y de recibos de sueldo) solicitadas al momento de celebrar un contrato de alquiler, a trav\u00e9s del uso del seguro de cauci\u00f3n con bonificaci\u00f3n del premio de la p\u00f3liza del seguro.<\/p>\n<h5>Caracter\u00edsticas del Seguro<\/h5>\n<p><strong>Cobertura:<\/strong> El seguro de cauci\u00f3n tendr\u00e1 por objeto contratos de alquileres con destino a vivienda un plazo que coincida con la duraci\u00f3n del contrato e incluir\u00e1 los siguientes riesgos: el incumplimiento del pago del canon locativo con un ajuste autom\u00e1tico; falta de pago de expensas e incumplimiento en el pago de servicios mensuales, dep\u00f3sito en garant\u00eda o restituci\u00f3n del inmueble en las condiciones pactadas y el valor del canon locativo por ocupaci\u00f3n indebida.<\/p>\n<p><strong>Beneficio:<\/strong> Bonificaci\u00f3n 100% del costo del seguro.<\/p>\n<p><a href='https:\/\/www.santafe.gob.ar\/ms\/llave\/wp-content\/uploads\/sites\/83\/2024\/12\/LLAVE-FORMULARIO_Carta-de-Intencion.pdf' class='small-button smallsilver' target=\"_blank\">Descargar Carta de Intenci\u00f3n<\/a> <a href='https:\/\/www.bmros.com.ar\/llave' class='small-button smallblack' target=\"_blank\">Completar Solicitud<\/a><\/p>\n","protected":false},"excerpt":{"rendered":"<p>Creada para generar una alternativa a las garant\u00edas tradicionales (propietarias y de recibos de sueldo) solicitadas al momento de celebrar un contrato de alquiler, a trav\u00e9s del uso del seguro de cauci\u00f3n con bonificaci\u00f3n del premio de la p\u00f3liza del seguro. Caracter\u00edsticas del Seguro Cobertura: El seguro de cauci\u00f3n tendr\u00e1 por objeto contratos de alquileres [&hellip;]<\/p>\n","protected":false},"author":82961,"featured_media":0,"parent":0,"menu_order":0,"comment_status":"closed","ping_status":"closed","template":"","meta":{"_acf_changed":false,"_et_pb_use_builder":"","_et_pb_old_content":"","_et_gb_content_width":"","footnotes":""},"class_list":["post-255","page","type-page","status-publish","hentry"],"acf":[],"_links":{"self":[{"href":"https:\/\/www.santafe.gob.ar\/ms\/llave\/wp-json\/wp\/v2\/pages\/255","targetHints":{"allow":["GET"]}}],"collection":[{"href":"https:\/\/www.santafe.gob.ar\/ms\/llave\/wp-json\/wp\/v2\/pages"}],"about":[{"href":"https:\/\/www.santafe.gob.ar\/ms\/llave\/wp-json\/wp\/v2\/types\/page"}],"author":[{"embeddable":true,"href":"https:\/\/www.santafe.gob.ar\/ms\/llave\/wp-json\/wp\/v2\/users\/82961"}],"replies":[{"embeddable":true,"href":"https:\/\/www.santafe.gob.ar\/ms\/llave\/wp-json\/wp\/v2\/comments?post=255"}],"version-history":[{"count":4,"href":"https:\/\/www.santafe.gob.ar\/ms\/llave\/wp-json\/wp\/v2\/pages\/255\/revisions"}],"predecessor-version":[{"id":285,"href":"https:\/\/www.santafe.gob.ar\/ms\/llave\/wp-json\/wp\/v2\/pages\/255\/revisions\/285"}],"wp:attachment":[{"href":"https:\/\/www.santafe.gob.ar\/ms\/llave\/wp-json\/wp\/v2\/media?parent=255"}],"curies":[{"name":"wp","href":"https:\/\/api.w.org\/{rel}","templated":true}]}}