{"id":111,"date":"2024-07-03T18:57:38","date_gmt":"2024-07-03T16:57:38","guid":{"rendered":"https:\/\/www.santafe.gob.ar\/ms\/nidocreditoshipotecarios\/?page_id=111"},"modified":"2026-02-04T13:34:08","modified_gmt":"2026-02-04T12:34:08","slug":"creditos-hipotecarios-nido","status":"publish","type":"page","link":"https:\/\/www.santafe.gob.ar\/ms\/nidocreditoshipotecarios\/creditos-hipotecarios-nido\/","title":{"rendered":"Cr\u00e9ditos Hipotecarios NIDO"},"content":{"rendered":"<h3>1 \u2013 Proceso de Inscripci\u00f3n<\/h3>\n<p>La inscripci\u00f3n y postulaci\u00f3n se realizar\u00e1 v\u00eda p\u00e1gina web del banco.<\/p>\n<p>Podr\u00e1n participar todos aquellos ciudadanos santafesinos que no posean otras propiedades (excepto terrenos aptos y que postulen para cr\u00e9ditos de construcci\u00f3n) y que tengan residencia en la provincia de Santa Fe, de manera previa al 30\/06\/2024 y demuestren residencia permanente en la provincia.<\/p>\n<h3>2 \u2013 L\u00edneas de Cr\u00e9ditos<\/h3>\n<p>El sistema se conforma por cuatro (4) l\u00edneas de cr\u00e9ditos que tienen por motivaci\u00f3n viabilizar el acceso a la vivienda por construcci\u00f3n, adquisici\u00f3n o terminaci\u00f3n. Las l\u00edneas son:<\/p>\n<ul>\n<li>A \u2013 Cr\u00e9dito Hipotecario Individual para Construcci\u00f3n o Adquisici\u00f3n de viviendas<\/li>\n<li>B \u2013 Cr\u00e9dito Hipotecario para Terminaci\u00f3n de Viviendas<\/li>\n<li>C \u2013 Cr\u00e9dito Hipotecario Individual de Gesti\u00f3n Colectiva<\/li>\n<li>D \u2013 Cr\u00e9dito Para Adquisici\u00f3n de Vivienda por Cesi\u00f3n de Derechos con Garant\u00eda Preferente.<\/li>\n<\/ul>\n<h3>3 \u2013 Caracter\u00edsticas de los cr\u00e9ditos:<\/h3>\n<p>Podr\u00e1n postular todas aquellas personas que residan al 30\/06\/2024 en la provincia de Santa Fe, que no cuenten con otra vivienda y que demuestren ingresos ya sea en relaci\u00f3n laboral o por cuenta propia.<\/p>\n<p><strong>Tasas:<\/strong> Los cr\u00e9ditos ser\u00e1n actualizables por UVA y una tasa de inter\u00e9s de 4,2%.<\/p>\n<p><strong>Recibos de sueldos:<\/strong> Para acceder, las personas acreditar\u00e1n ingresos de manera personal, pero de manera adicional, podr\u00e1n sumar ingresos demostrables de parientes con hasta tercer nivel de cosanguinidad.<\/p>\n<p><strong>Plazo:<\/strong> hasta 20 a\u00f1os para los Cr\u00e9ditos de Acceso a la Vivienda y hasta 5 a\u00f1os para los de Terminaci\u00f3n.<\/p>\n<p><strong>Monto M\u00e1ximo:<\/strong> hasta $100M para Acceso a la Vivienda y hasta $25M para terminaci\u00f3n.<\/p>\n<h3>4 \u2013 Territorialidad<\/h3>\n<p>Los cr\u00e9ditos estar\u00e1n disponibles en la totalidad de la provincia de Santa Fe. La distribuci\u00f3n de los mismos ser\u00e1 por un porcentaje por Departamento. Y ese porcentaje se constituir\u00e1 en un 80% por poblaci\u00f3n y un 20% por \u00edndice de d\u00e9ficit de propiedad privada.<\/p>\n<h3>5 \u2013 Asignaci\u00f3n<\/h3>\n<p>Los postulantes una vez verificada su capacidad crediticia con el Banco Central de la Rep\u00fablica Argentina, pasar\u00e1n a conformar un listado de aptos para sorteo.<\/p>\n<p>El \u00faltimo d\u00eda h\u00e1bil del mes, se cerrar\u00e1 el listado, que ser\u00e1 publicado, con los participantes por departamento, seg\u00fan se hayan inscripto. Y el 5to d\u00eda h\u00e1bil del mes se llevar\u00e1 adelante el sorteo correspondiente de titulares y suplentes.<\/p>\n<p>Una vez realizado el sorteo, el Banco se comunicar\u00e1 con los seleccionados para continuar con la evaluaci\u00f3n correspondiente y la presentaci\u00f3n de documentaci\u00f3n respaldatoria de lo expresado en la Declaraci\u00f3n Jurada de Postulaci\u00f3n.<\/p>\n<p>&nbsp;<\/p>\n","protected":false},"excerpt":{"rendered":"<p>1 \u2013 Proceso de Inscripci\u00f3n La inscripci\u00f3n y postulaci\u00f3n se realizar\u00e1 v\u00eda p\u00e1gina web del banco. Podr\u00e1n participar todos aquellos ciudadanos santafesinos que no posean otras propiedades (excepto terrenos aptos y que postulen para cr\u00e9ditos de construcci\u00f3n) y que tengan residencia en la provincia de Santa Fe, de manera previa al 30\/06\/2024 y demuestren residencia [&hellip;]<\/p>\n","protected":false},"author":82961,"featured_media":0,"parent":0,"menu_order":0,"comment_status":"closed","ping_status":"closed","template":"","meta":{"_acf_changed":false,"_et_pb_use_builder":"","_et_pb_old_content":"","_et_gb_content_width":"","footnotes":""},"class_list":["post-111","page","type-page","status-publish","hentry"],"acf":[],"_links":{"self":[{"href":"https:\/\/www.santafe.gob.ar\/ms\/nidocreditoshipotecarios\/wp-json\/wp\/v2\/pages\/111","targetHints":{"allow":["GET"]}}],"collection":[{"href":"https:\/\/www.santafe.gob.ar\/ms\/nidocreditoshipotecarios\/wp-json\/wp\/v2\/pages"}],"about":[{"href":"https:\/\/www.santafe.gob.ar\/ms\/nidocreditoshipotecarios\/wp-json\/wp\/v2\/types\/page"}],"author":[{"embeddable":true,"href":"https:\/\/www.santafe.gob.ar\/ms\/nidocreditoshipotecarios\/wp-json\/wp\/v2\/users\/82961"}],"replies":[{"embeddable":true,"href":"https:\/\/www.santafe.gob.ar\/ms\/nidocreditoshipotecarios\/wp-json\/wp\/v2\/comments?post=111"}],"version-history":[{"count":7,"href":"https:\/\/www.santafe.gob.ar\/ms\/nidocreditoshipotecarios\/wp-json\/wp\/v2\/pages\/111\/revisions"}],"predecessor-version":[{"id":352,"href":"https:\/\/www.santafe.gob.ar\/ms\/nidocreditoshipotecarios\/wp-json\/wp\/v2\/pages\/111\/revisions\/352"}],"wp:attachment":[{"href":"https:\/\/www.santafe.gob.ar\/ms\/nidocreditoshipotecarios\/wp-json\/wp\/v2\/media?parent=111"}],"curies":[{"name":"wp","href":"https:\/\/api.w.org\/{rel}","templated":true}]}}