{"id":481,"date":"2025-07-15T11:48:10","date_gmt":"2025-07-15T14:48:10","guid":{"rendered":"https:\/\/www.santafe.gob.ar\/ms\/reforma-constitucion\/?page_id=481"},"modified":"2025-07-17T10:45:53","modified_gmt":"2025-07-17T13:45:53","slug":"comision-de-labor-parlamentaria","status":"publish","type":"page","link":"https:\/\/www.santafe.gob.ar\/ms\/reforma-constitucion\/comision-de-labor-parlamentaria\/","title":{"rendered":"Comisi\u00f3n de Labor Parlamentaria"},"content":{"rendered":"<p>[et_pb_section fb_built=\u00bb1&#8243; _builder_version=\u00bb4.19.0&#8243; _module_preset=\u00bbdefault\u00bb background_color=\u00bb#f0f0f0&#8243; locked=\u00bboff\u00bb global_colors_info=\u00bb{}\u00bb][et_pb_row column_structure=\u00bb3_5,2_5&#8243; _builder_version=\u00bb4.19.0&#8243; _module_preset=\u00bbdefault\u00bb global_colors_info=\u00bb{}\u00bb][et_pb_column type=\u00bb3_5&#8243; _builder_version=\u00bb4.19.0&#8243; _module_preset=\u00bbdefault\u00bb global_colors_info=\u00bb{}\u00bb][et_pb_text _builder_version=\u00bb4.19.0&#8243; _dynamic_attributes=\u00bbcontent\u00bb _module_preset=\u00bbdefault\u00bb text_font=\u00bb|700|||||||\u00bb text_text_color=\u00bb#494963&#8243; text_font_size=\u00bb30px\u00bb text_letter_spacing=\u00bb-1px\u00bb global_colors_info=\u00bb{}\u00bb]@ET-DC@eyJkeW5hbWljIjp0cnVlLCJjb250ZW50IjoicG9zdF90aXRsZSIsInNldHRpbmdzIjp7ImJlZm9yZSI6IiIsImFmdGVyIjoiIn19@[\/et_pb_text][et_pb_text _builder_version=\u00bb4.19.0&#8243; _module_preset=\u00bbdefault\u00bb text_font=\u00bb|300|||||||\u00bb text_font_size=\u00bb22px\u00bb global_colors_info=\u00bb{}\u00bb]<\/p>\n<p data-start=\"1675\" data-end=\"2094\">La Comisi\u00f3n de Labor Parlamentaria est\u00e1 integrada por las autoridades de los bloques pol\u00edticos y miembros designados por el pleno de la Convenci\u00f3n. Su funci\u00f3n es organizar y planificar el desarrollo del trabajo legislativo: proyecta el orden del d\u00eda, elabora el Plan de Labor Parlamentaria y promueve medidas que agilicen el tratamiento de los temas. Es el \u00f3rgano de coordinaci\u00f3n que asegura el funcionamiento din\u00e1mico y eficiente de la Convenci\u00f3n.<\/p>\n<p>[\/et_pb_text][\/et_pb_column][et_pb_column type=\u00bb2_5&#8243; _builder_version=\u00bb4.19.0&#8243; _module_preset=\u00bbdefault\u00bb global_colors_info=\u00bb{}\u00bb][et_pb_text _builder_version=\u00bb4.19.0&#8243; _module_preset=\u00bbdefault\u00bb header_4_font_size=\u00bb20px\u00bb header_4_font_size_tablet=\u00bb20px\u00bb header_4_font_size_phone=\u00bb20px\u00bb header_4_font_size_last_edited=\u00bbon|phone\u00bb global_colors_info=\u00bb{}\u00bb]<\/p>\n<h4>Autoridades<\/h4>\n<p>[\/et_pb_text][et_pb_text _builder_version=\u00bb4.19.0&#8243; _module_preset=\u00bbdefault\u00bb global_colors_info=\u00bb{}\u00bb]<\/p>\n<p><strong>Presidente: <\/strong>de acuerdo al reglamento, la encabeza el presidente de la Convenci\u00f3n, Felipe Michlig<\/p>\n<p>[\/et_pb_text][\/et_pb_column][\/et_pb_row][\/et_pb_section][et_pb_section fb_built=\u00bb1&#8243; _builder_version=\u00bb4.19.0&#8243; _module_preset=\u00bbdefault\u00bb locked=\u00bboff\u00bb global_colors_info=\u00bb{}\u00bb][et_pb_row _builder_version=\u00bb4.19.0&#8243; _module_preset=\u00bbdefault\u00bb global_colors_info=\u00bb{}\u00bb][et_pb_column type=\u00bb4_4&#8243; _builder_version=\u00bb4.19.0&#8243; _module_preset=\u00bbdefault\u00bb global_colors_info=\u00bb{}\u00bb][et_pb_text _builder_version=\u00bb4.19.0&#8243; _module_preset=\u00bbdefault\u00bb header_4_font_size_tablet=\u00bb20px\u00bb header_4_font_size_phone=\u00bb20px\u00bb header_4_font_size_last_edited=\u00bbon|phone\u00bb global_colors_info=\u00bb{}\u00bb]<\/p>\n<h4>Integrantes<\/h4>\n<p>[\/et_pb_text][et_pb_text _builder_version=\u00bb4.19.0&#8243; _module_preset=\u00bbdefault\u00bb global_colors_info=\u00bb{}\u00bb]<strong>Unidos para Cambiar Santa Fe<\/strong><br \/>\nFabi\u00e1n Bastia, Pablo Far\u00edas, Lisandro Enrico, Arnaldo Ghione y Cristian Cunha<\/p>\n<hr \/>\n<p><strong>M\u00e1s para Santa Fe<\/strong><br \/>\nRub\u00e9n Pirola, Juan Monteverde, Diego Giuliano y Lucila De Ponti<\/p>\n<hr \/>\n<p><strong>Somos Vida y Libertad<\/strong><br \/>\nAmalia Granata y Emiliano Peralta<\/p>\n<hr \/>\n<p><strong>Activemos<\/strong><br \/>\nMarcelo Lewandowski y Ruben Giustiniani<\/p>\n<hr \/>\n<p><strong>La Libertad Avanza<\/strong><br \/>\nNicol\u00e1s Mayoraz y Marcos Peyrano<\/p>\n<hr \/>\n<p><strong>Frente de la Esperanza<\/strong><br \/>\nAriel Sclafani<\/p>\n<hr \/>\n<p>[\/et_pb_text][\/et_pb_column][\/et_pb_row][\/et_pb_section][et_pb_section fb_built=\u00bb1&#8243; _builder_version=\u00bb4.19.0&#8243; _module_preset=\u00bbdefault\u00bb global_colors_info=\u00bb{}\u00bb locked=\u00bboff\u00bb][et_pb_row _builder_version=\u00bb4.19.0&#8243; _module_preset=\u00bbdefault\u00bb global_colors_info=\u00bb{}\u00bb][et_pb_column type=\u00bb4_4&#8243; _builder_version=\u00bb4.19.0&#8243; _module_preset=\u00bbdefault\u00bb global_colors_info=\u00bb{}\u00bb][et_pb_text _builder_version=\u00bb4.19.0&#8243; _module_preset=\u00bbdefault\u00bb hover_enabled=\u00bb0&#8243; header_4_font_size_tablet=\u00bb20px\u00bb header_4_font_size_phone=\u00bb20px\u00bb header_4_font_size_last_edited=\u00bbon|phone\u00bb global_colors_info=\u00bb{}\u00bb sticky_enabled=\u00bb0&#8243;]<\/p>\n<h4>Novedades<\/h4>\n<p>[\/et_pb_text][et_pb_blog fullwidth=\u00bboff\u00bb posts_number=\u00bb3&#8243; use_manual_excerpt=\u00bboff\u00bb show_more=\u00bbon\u00bb show_author=\u00bboff\u00bb show_categories=\u00bboff\u00bb show_pagination=\u00bboff\u00bb _builder_version=\u00bb4.19.0&#8243; _module_preset=\u00bbdefault\u00bb header_font_size=\u00bb18px\u00bb header_line_height=\u00bb1.1em\u00bb body_font_size=\u00bb16px\u00bb body_line_height=\u00bb1.6em\u00bb meta_font_size=\u00bb12px\u00bb read_more_font=\u00bb||||||||\u00bb hover_enabled=\u00bb0&#8243; border_radii=\u00bbon|6px|6px|6px|6px\u00bb global_colors_info=\u00bb{}\u00bb locked=\u00bboff\u00bb include_categories=\u00bb20&#8243; sticky_enabled=\u00bb0&#8243;][\/et_pb_blog][\/et_pb_column][\/et_pb_row][\/et_pb_section]<\/p>\n","protected":false},"excerpt":{"rendered":"<p>La Comisi\u00f3n de Labor Parlamentaria est\u00e1 integrada por las autoridades de los bloques pol\u00edticos y miembros designados por el pleno de la Convenci\u00f3n. Su funci\u00f3n es organizar y planificar el [&hellip;]<\/p>\n","protected":false},"author":82961,"featured_media":0,"parent":0,"menu_order":0,"comment_status":"closed","ping_status":"closed","template":"","meta":{"_acf_changed":false,"_et_pb_use_builder":"on","_et_pb_old_content":"<p data-start=\"272\" data-end=\"720\">La Comisi\u00f3n de Labor Parlamentaria est\u00e1 integrada por las autoridades de los bloques pol\u00edticos y miembros designados por el pleno de la Convenci\u00f3n. Su funci\u00f3n es organizar y planificar el desarrollo del trabajo legislativo: proyecta el orden del d\u00eda, elabora el Plan de Labor Parlamentaria y promueve medidas que agilicen el tratamiento de los temas. Es el \u00f3rgano de coordinaci\u00f3n que asegura el funcionamiento din\u00e1mico y eficiente de la Convenci\u00f3n.<\/p><p><strong>Autoridades<br \/>Presidente<\/strong> - De acuerdo al reglamento, la encabeza el presidente de la Convenci\u00f3n, Felipe Michlig<\/p><p><strong>Integrantes<br \/><\/strong> <strong>Unidos para cambiar Santa Fe -<\/strong> Fabi\u00e1n Bastia, Pablo Far\u00edas, Lisandro Enrico, Arnaldo Ghione y Cristian Cunha<br \/><strong>M\u00e1s para Santa Fe -<\/strong> Rub\u00e9n Pirola, Juan Monteverde, Diego Giuliano y Lucila De Ponti<br \/><strong>Somos Vida -<\/strong> Amalia Granata y Emiliano Peralta<br \/><strong>Activemos -<\/strong> Marcelo Lewandowski y Ruben Giustiniani<br \/><strong>La Libertad Avanza -<\/strong> Nicol\u00e1s Mayoraz y Marcos Peyrano<br \/><strong>Frente de la Esperanza -<\/strong> Ariel Sclafani<\/p>","_et_gb_content_width":"","footnotes":""},"class_list":["post-481","page","type-page","status-publish","hentry"],"acf":[],"_links":{"self":[{"href":"https:\/\/www.santafe.gob.ar\/ms\/reforma-constitucion\/wp-json\/wp\/v2\/pages\/481","targetHints":{"allow":["GET"]}}],"collection":[{"href":"https:\/\/www.santafe.gob.ar\/ms\/reforma-constitucion\/wp-json\/wp\/v2\/pages"}],"about":[{"href":"https:\/\/www.santafe.gob.ar\/ms\/reforma-constitucion\/wp-json\/wp\/v2\/types\/page"}],"author":[{"embeddable":true,"href":"https:\/\/www.santafe.gob.ar\/ms\/reforma-constitucion\/wp-json\/wp\/v2\/users\/82961"}],"replies":[{"embeddable":true,"href":"https:\/\/www.santafe.gob.ar\/ms\/reforma-constitucion\/wp-json\/wp\/v2\/comments?post=481"}],"version-history":[{"count":13,"href":"https:\/\/www.santafe.gob.ar\/ms\/reforma-constitucion\/wp-json\/wp\/v2\/pages\/481\/revisions"}],"predecessor-version":[{"id":689,"href":"https:\/\/www.santafe.gob.ar\/ms\/reforma-constitucion\/wp-json\/wp\/v2\/pages\/481\/revisions\/689"}],"wp:attachment":[{"href":"https:\/\/www.santafe.gob.ar\/ms\/reforma-constitucion\/wp-json\/wp\/v2\/media?parent=481"}],"curies":[{"name":"wp","href":"https:\/\/api.w.org\/{rel}","templated":true}]}}