{"id":5870,"date":"2026-04-17T14:17:40","date_gmt":"2026-04-17T17:17:40","guid":{"rendered":"https:\/\/www.santafe.gob.ar\/ms\/santafeaca\/?post_type=tribe_events&#038;p=5870"},"modified":"2026-04-22T13:04:32","modified_gmt":"2026-04-22T16:04:32","slug":"el-mangrullo-ciudad-de-rosario-2","status":"publish","type":"tribe_events","link":"https:\/\/www.santafe.gob.ar\/ms\/santafeaca\/evento\/el-mangrullo-ciudad-de-rosario-2\/","title":{"rendered":"Barrio El Mangrullo, ciudad de Rosario"},"content":{"rendered":"<p>El\u00a0<b>jueves 23 de abril<\/b> de 8:30 a 13 hs nos encontramos en <strong>El Mangrullo 5150\u00a0<\/strong>\u00a0de la ciudad de\u00a0<b>Rosario\u00a0<\/b>con el Programa Santa Fe Ac\u00e1.<\/p>\n<p>Acercamos el Estado al territorio para que vecinas y vecinos puedan realizar tr\u00e1mites y acceder a servicios de manera \u00e1gil y gratuita.<\/p>\n<p>Servicios que se ofrecen:<\/p>\n<ul>\n<li>Tramitaci\u00f3n de DNI, pasaportes y partidas<\/li>\n<li>Boleto Educativo y tarjeta SUBE<\/li>\n<li>Consultas sobre Tarjeta \u00danica de Ciudadan\u00eda y Discapacidad<\/li>\n<li>Adultos Mayores<\/li>\n<li>Economia Social<\/li>\n<li>Vacunaci\u00f3n, Salud Bucal, Salud mental y alimentaci\u00f3n saludable<\/li>\n<li>Objetivo Dengue<\/li>\n<li>IAPOS: atenci\u00f3n al afiliado<\/li>\n<li>Formaci\u00f3n profesional (Impulsa)<\/li>\n<li>Empleo y Pensiones ley 5110<\/li>\n<li>G\u00e9nero y Diversidad<\/li>\n<li>Juventudes<\/li>\n<li>Abordaje de consumos problem\u00e1ticos (Aprecod)<\/li>\n<li>IMUSA: castraciones, vacunaci\u00f3n y desparasitaci\u00f3n<\/li>\n<li>Posta de cercan\u00eda.<\/li>\n<\/ul>\n<p>Seguimos trabajando en cada barrio, facilitando el acceso a tr\u00e1mites y acompa\u00f1ando a las y los vecinos con pol\u00edticas p\u00fablicas que promueven igualdad de oportunidades y m\u00e1s derechos.<\/p>\n","protected":false},"excerpt":{"rendered":"<p>El\u00a0jueves 23 de abril de 8:30 a 13 hs nos encontramos en El Mangrullo 5150\u00a0\u00a0de la ciudad de\u00a0Rosario\u00a0con el Programa Santa Fe Ac\u00e1. Acercamos el Estado al territorio para que [&hellip;]<\/p>\n","protected":false},"author":91829,"featured_media":2898,"template":"","meta":{"_acf_changed":false,"_EventAllDay":false,"_EventTimezone":"America\/Argentina\/Buenos_Aires","_EventStartDate":"2026-04-23 08:30:00","_EventEndDate":"2026-04-23 13:00:00","_EventStartDateUTC":"2026-04-23 11:30:00","_EventEndDateUTC":"2026-04-23 16:00:00","_EventShowMap":true,"_EventShowMapLink":true,"_EventURL":"","_EventCost":"","_EventCostDescription":"","_EventCurrencySymbol":"$","_EventCurrencyCode":"AR$","_EventCurrencyPosition":"prefix","_EventDateTimeSeparator":"","_EventTimeRangeSeparator":"","_EventOrganizerID":[],"_EventVenueID":[5897],"_OrganizerEmail":"","_OrganizerPhone":"","_OrganizerWebsite":"","_VenueAddress":"","_VenueCity":"","_VenueCountry":"","_VenueProvince":"","_VenueState":"","_VenueZip":"","_VenuePhone":"","_VenueURL":"","_VenueStateProvince":"","_VenueLat":"","_VenueLng":"","_VenueShowMap":false,"_VenueShowMapLink":false,"_tribe_events_status":"","_tribe_events_status_reason":"","footnotes":""},"tags":[],"tribe_events_cat":[],"class_list":["post-5870","tribe_events","type-tribe_events","status-publish","has-post-thumbnail","hentry"],"acf":[],"_links":{"self":[{"href":"https:\/\/www.santafe.gob.ar\/ms\/santafeaca\/wp-json\/wp\/v2\/tribe_events\/5870","targetHints":{"allow":["GET"]}}],"collection":[{"href":"https:\/\/www.santafe.gob.ar\/ms\/santafeaca\/wp-json\/wp\/v2\/tribe_events"}],"about":[{"href":"https:\/\/www.santafe.gob.ar\/ms\/santafeaca\/wp-json\/wp\/v2\/types\/tribe_events"}],"author":[{"embeddable":true,"href":"https:\/\/www.santafe.gob.ar\/ms\/santafeaca\/wp-json\/wp\/v2\/users\/91829"}],"version-history":[{"count":5,"href":"https:\/\/www.santafe.gob.ar\/ms\/santafeaca\/wp-json\/wp\/v2\/tribe_events\/5870\/revisions"}],"predecessor-version":[{"id":5900,"href":"https:\/\/www.santafe.gob.ar\/ms\/santafeaca\/wp-json\/wp\/v2\/tribe_events\/5870\/revisions\/5900"}],"wp:featuredmedia":[{"embeddable":true,"href":"https:\/\/www.santafe.gob.ar\/ms\/santafeaca\/wp-json\/wp\/v2\/media\/2898"}],"wp:attachment":[{"href":"https:\/\/www.santafe.gob.ar\/ms\/santafeaca\/wp-json\/wp\/v2\/media?parent=5870"}],"wp:term":[{"taxonomy":"post_tag","embeddable":true,"href":"https:\/\/www.santafe.gob.ar\/ms\/santafeaca\/wp-json\/wp\/v2\/tags?post=5870"},{"taxonomy":"tribe_events_cat","embeddable":true,"href":"https:\/\/www.santafe.gob.ar\/ms\/santafeaca\/wp-json\/wp\/v2\/tribe_events_cat?post=5870"}],"curies":[{"name":"wp","href":"https:\/\/api.w.org\/{rel}","templated":true}]}}

<p>El <b>jueves 23 de abril</b> de 8:30 a 13 hs nos encontramos en <strong>El Mangrullo 5150 </strong> de la ciudad de <b>Rosario </b>con el Programa Santa Fe Acá.</p>
<p>Acercamos el Estado al territorio para que vecinas y vecinos puedan realizar trámites y acceder a servicios de manera ágil y gratuita.</p>
<p>Servicios que se ofrecen:</p>
<ul>
<li>Tramitación de DNI, pasaportes y partidas</li>
<li>Boleto Educativo y tarjeta SUBE</li>
<li>Consultas sobre Tarjeta Única de Ciudadanía y Discapacidad</li>
<li>Adultos Mayores</li>
<li>Economia Social</li>
<li>Vacunación, Salud Bucal, Salud mental y alimentación saludable</li>
<li>Objetivo Dengue</li>
<li>IAPOS: atención al afiliado</li>
<li>Formación profesional (Impulsa)</li>
<li>Empleo y Pensiones ley 5110</li>
<li>Género y Diversidad</li>
<li>Juventudes</li>
<li>Abordaje de consumos problemáticos (Aprecod)</li>
<li>IMUSA: castraciones, vacunación y desparasitación</li>
<li>Posta de cercanía.</li>
</ul>
<p>Seguimos trabajando en cada barrio, facilitando el acceso a trámites y acompañando a las y los vecinos con políticas públicas que promueven igualdad de oportunidades y más derechos.</p>

<p>El jueves 23 de abril de 8:30 a 13 hs nos encontramos en El Mangrullo 5150  de la ciudad de Rosario con el Programa Santa Fe Acá. Acercamos el Estado al territorio para que [&hellip;]</p>
