{"id":5882,"date":"2026-04-17T14:38:41","date_gmt":"2026-04-17T17:38:41","guid":{"rendered":"https:\/\/www.santafe.gob.ar\/ms\/santafeaca\/?post_type=tribe_events&#038;p=5882"},"modified":"2026-04-17T14:52:26","modified_gmt":"2026-04-17T17:52:26","slug":"barrio-abasto-ciudad-de-santa-fe","status":"publish","type":"tribe_events","link":"https:\/\/www.santafe.gob.ar\/ms\/santafeaca\/evento\/barrio-abasto-ciudad-de-santa-fe\/","title":{"rendered":"Barrio Abasto, ciudad de Santa Fe"},"content":{"rendered":"<div class=\"entry-content evento__content wp-block-post-content is-layout-flow wp-block-post-content-is-layout-flow\">\n<p>El <b>martes 21 de abril<\/b> de 8:30 a 12:30 hs nos encontramos en\u00a0 <strong>Asociaci\u00f3n Civil Eva Per\u00f3n ,<\/strong> ubicada en <strong>Scalabrini Ortiz 6870<\/strong> de la ciudad de\u00a0<b>Santa Fe\u00a0<\/b>con el Programa Santa Fe Ac\u00e1.<\/p>\n<p>Acercamos el Estado al territorio para que vecinas y vecinos puedan realizar tr\u00e1mites y acceder a servicios de manera \u00e1gil y gratuita.<\/p>\n<p>Servicios que se ofrecen:<\/p>\n<ul>\n<li>Tramitaci\u00f3n de DNI, pasaportes y partidas<\/li>\n<li>Boleto Educativo y Tarjeta SUBE<\/li>\n<li>Tarjeta \u00danica de Ciudadan\u00eda y \u00e1reas sociales<\/li>\n<li>Abordaje de consumos problem\u00e1ticos (Aprecod)<\/li>\n<\/ul>\n<p>Seguimos trabajando en cada barrio, facilitando el acceso a tr\u00e1mites y acompa\u00f1ando a las y los vecinos con pol\u00edticas p\u00fablicas que promueven igualdad de oportunidades y m\u00e1s derechos.<\/p>\n<\/div>\n","protected":false},"excerpt":{"rendered":"<p>El martes 21 de abril de 8:30 a 12:30 hs nos encontramos en\u00a0 Asociaci\u00f3n Civil Eva Per\u00f3n , ubicada en Scalabrini Ortiz 6870 de la ciudad de\u00a0Santa Fe\u00a0con el Programa [&hellip;]<\/p>\n","protected":false},"author":91829,"featured_media":2923,"template":"","meta":{"_acf_changed":false,"_EventAllDay":false,"_EventTimezone":"America\/Argentina\/Buenos_Aires","_EventStartDate":"2026-04-21 08:30:00","_EventEndDate":"2026-04-21 12:30:00","_EventStartDateUTC":"2026-04-21 11:30:00","_EventEndDateUTC":"2026-04-21 15:30:00","_EventShowMap":true,"_EventShowMapLink":true,"_EventURL":"","_EventCost":"","_EventCostDescription":"","_EventCurrencySymbol":"$","_EventCurrencyCode":"AR$","_EventCurrencyPosition":"prefix","_EventDateTimeSeparator":"","_EventTimeRangeSeparator":"","_EventOrganizerID":[],"_EventVenueID":[5884],"_OrganizerEmail":"","_OrganizerPhone":"","_OrganizerWebsite":"","_VenueAddress":"","_VenueCity":"","_VenueCountry":"","_VenueProvince":"","_VenueState":"","_VenueZip":"","_VenuePhone":"","_VenueURL":"","_VenueStateProvince":"","_VenueLat":"","_VenueLng":"","_VenueShowMap":false,"_VenueShowMapLink":false,"_tribe_events_status":"","_tribe_events_status_reason":"","footnotes":""},"tags":[],"tribe_events_cat":[],"class_list":["post-5882","tribe_events","type-tribe_events","status-publish","has-post-thumbnail","hentry"],"acf":[],"_links":{"self":[{"href":"https:\/\/www.santafe.gob.ar\/ms\/santafeaca\/wp-json\/wp\/v2\/tribe_events\/5882","targetHints":{"allow":["GET"]}}],"collection":[{"href":"https:\/\/www.santafe.gob.ar\/ms\/santafeaca\/wp-json\/wp\/v2\/tribe_events"}],"about":[{"href":"https:\/\/www.santafe.gob.ar\/ms\/santafeaca\/wp-json\/wp\/v2\/types\/tribe_events"}],"author":[{"embeddable":true,"href":"https:\/\/www.santafe.gob.ar\/ms\/santafeaca\/wp-json\/wp\/v2\/users\/91829"}],"version-history":[{"count":2,"href":"https:\/\/www.santafe.gob.ar\/ms\/santafeaca\/wp-json\/wp\/v2\/tribe_events\/5882\/revisions"}],"predecessor-version":[{"id":5886,"href":"https:\/\/www.santafe.gob.ar\/ms\/santafeaca\/wp-json\/wp\/v2\/tribe_events\/5882\/revisions\/5886"}],"wp:featuredmedia":[{"embeddable":true,"href":"https:\/\/www.santafe.gob.ar\/ms\/santafeaca\/wp-json\/wp\/v2\/media\/2923"}],"wp:attachment":[{"href":"https:\/\/www.santafe.gob.ar\/ms\/santafeaca\/wp-json\/wp\/v2\/media?parent=5882"}],"wp:term":[{"taxonomy":"post_tag","embeddable":true,"href":"https:\/\/www.santafe.gob.ar\/ms\/santafeaca\/wp-json\/wp\/v2\/tags?post=5882"},{"taxonomy":"tribe_events_cat","embeddable":true,"href":"https:\/\/www.santafe.gob.ar\/ms\/santafeaca\/wp-json\/wp\/v2\/tribe_events_cat?post=5882"}],"curies":[{"name":"wp","href":"https:\/\/api.w.org\/{rel}","templated":true}]}}

<div class="entry-content evento__content wp-block-post-content is-layout-flow wp-block-post-content-is-layout-flow">
<p>El <b>martes 21 de abril</b> de 8:30 a 12:30 hs nos encontramos en  <strong>Asociación Civil Eva Perón ,</strong> ubicada en <strong>Scalabrini Ortiz 6870</strong> de la ciudad de <b>Santa Fe </b>con el Programa Santa Fe Acá.</p>
<p>Acercamos el Estado al territorio para que vecinas y vecinos puedan realizar trámites y acceder a servicios de manera ágil y gratuita.</p>
<p>Servicios que se ofrecen:</p>
<ul>
<li>Tramitación de DNI, pasaportes y partidas</li>
<li>Boleto Educativo y Tarjeta SUBE</li>
<li>Tarjeta Única de Ciudadanía y áreas sociales</li>
<li>Abordaje de consumos problemáticos (Aprecod)</li>
</ul>
<p>Seguimos trabajando en cada barrio, facilitando el acceso a trámites y acompañando a las y los vecinos con políticas públicas que promueven igualdad de oportunidades y más derechos.</p>
</div>

<p>El martes 21 de abril de 8:30 a 12:30 hs nos encontramos en  Asociación Civil Eva Perón , ubicada en Scalabrini Ortiz 6870 de la ciudad de Santa Fe con el Programa [&hellip;]</p>
