{"id":3342,"date":"2023-01-05T12:09:00","date_gmt":"2023-01-05T15:09:00","guid":{"rendered":"https:\/\/www.santafe.gob.ar\/ms\/spsf\/?page_id=3342"},"modified":"2023-02-02T12:06:06","modified_gmt":"2023-02-02T15:06:06","slug":"material-de-estudio","status":"publish","type":"page","link":"https:\/\/www.santafe.gob.ar\/ms\/spsf\/material-de-estudio\/","title":{"rendered":"MATERIAL DE ESTUDIO"},"content":{"rendered":"<p><img loading=\"lazy\" decoding=\"async\" class=\"alignnone size-full wp-image-3343\" src=\"https:\/\/www.santafe.gob.ar\/ms\/spsf\/wp-content\/uploads\/sites\/34\/2023\/01\/Cabecera.png\" alt=\"\" width=\"2520\" height=\"455\" srcset=\"https:\/\/www.santafe.gob.ar\/ms\/spsf\/wp-content\/uploads\/sites\/34\/2023\/01\/Cabecera.png 2520w, https:\/\/www.santafe.gob.ar\/ms\/spsf\/wp-content\/uploads\/sites\/34\/2023\/01\/Cabecera-300x54.png 300w, https:\/\/www.santafe.gob.ar\/ms\/spsf\/wp-content\/uploads\/sites\/34\/2023\/01\/Cabecera-1024x185.png 1024w, https:\/\/www.santafe.gob.ar\/ms\/spsf\/wp-content\/uploads\/sites\/34\/2023\/01\/Cabecera-768x139.png 768w, https:\/\/www.santafe.gob.ar\/ms\/spsf\/wp-content\/uploads\/sites\/34\/2023\/01\/Cabecera-1536x277.png 1536w, https:\/\/www.santafe.gob.ar\/ms\/spsf\/wp-content\/uploads\/sites\/34\/2023\/01\/Cabecera-2048x370.png 2048w\" sizes=\"auto, (max-width: 767px) 89vw, (max-width: 1000px) 54vw, (max-width: 1071px) 543px, 580px\" \/><\/p>\n<table border=\"0\" width=\"993\" cellspacing=\"3\">\n<tbody>\n<tr bgcolor=\"black\">\n<td colspan=\"2\" align=\"center\" height=\"41\"><strong><span style=\"color: white;font-family: Verdana, Arial, Helvetica, sans-serif;font-size: large\">ESCALAF\u00d3N ADMINISTRATIVO<\/span><\/strong><\/td>\n<\/tr>\n<tr>\n<td bgcolor=\"#74C2ED\" width=\"626\" height=\"35\">\u00a0 <span style=\"font-family: Verdana, Arial, Helvetica, sans-serif;font-size: small\">Personal Superior Contador<\/span><\/td>\n<td align=\"center\" bgcolor=\"#83D597\" width=\"357\"><a href=\"https:\/\/drive.google.com\/drive\/folders\/1jXwCsdqrm0CAlnRusDIdZPXAtxryJ902?usp=share_link\" target=\"_blank\" rel=\"noopener\"><span style=\"font-family: Verdana, Arial, Helvetica, sans-serif;font-size: small\">Material y\/o Temario<\/span><\/a><\/td>\n<\/tr>\n<\/tbody>\n<\/table>\n<table border=\"0\" width=\"993\" cellspacing=\"3\">\n<tbody>\n<tr bgcolor=\"black\">\n<td colspan=\"2\" align=\"center\" height=\"41\"><strong><span style=\"color: white;font-family: Verdana, Arial, Helvetica, sans-serif;font-size: large\">ESCALAF\u00d3N CRIMINOLOG\u00cdA<\/span><\/strong><\/td>\n<\/tr>\n<tr>\n<td bgcolor=\"#74C2ED\" width=\"626\" height=\"35\">\u00a0<span style=\"font-family: Verdana, Arial, Helvetica, sans-serif;font-size: small\"> Escalaf\u00f3n Criminolog\u00eda Psic\u00f3logo<\/span><\/td>\n<td align=\"center\" bgcolor=\"#F77C70\" width=\"357\"><a href=\"https:\/\/drive.google.com\/drive\/folders\/1UiVZ5nsmc8MUC5PttJLkAQUjXuTiBm9b\" target=\"_blank\" rel=\"noopener\"><span style=\"font-family: Verdana, Arial, Helvetica, sans-serif;font-size: small\">Material y\/o Temario<\/span><\/a><\/td>\n<\/tr>\n<\/tbody>\n<\/table>\n<table border=\"0\" width=\"993\" cellspacing=\"3\">\n<tbody>\n<tr bgcolor=\"black\">\n<td colspan=\"2\" align=\"center\" height=\"41\"><strong><span style=\"color: white;font-family: Verdana, Arial, Helvetica, sans-serif;font-size: large\">ESCALAF\u00d3N SERVICIO SOCIAL<\/span><\/strong><\/td>\n<\/tr>\n<tr>\n<td bgcolor=\"#74C2ED\" width=\"626\" height=\"35\">\u00a0<span style=\"font-family: Verdana, Arial, Helvetica, sans-serif;font-size: small\"> Personal Superior Scio. Social Asistente social<\/span><\/td>\n<td align=\"center\" bgcolor=\"#DC8FEA\" width=\"357\"><a href=\"https:\/\/drive.google.com\/drive\/folders\/1GiDA0CWJCC1yjZhVn5MaRy_Oe8olSII6?usp=share_link\" target=\"_blank\" rel=\"noopener\"><span style=\"font-family: Verdana, Arial, Helvetica, sans-serif;font-size: small\">Material y\/o Temario<\/span><\/a><\/td>\n<\/tr>\n<\/tbody>\n<\/table>\n<table border=\"0\" width=\"993\" cellspacing=\"3\">\n<tbody>\n<tr bgcolor=\"black\">\n<td colspan=\"2\" align=\"center\" height=\"41\"><strong><span style=\"color: white;font-family: Verdana, Arial, Helvetica, sans-serif;font-size: large\">ESCALAF\u00d3N JUR\u00cdDICO<\/span><\/strong><\/td>\n<\/tr>\n<tr>\n<td bgcolor=\"#74C2ED\" width=\"626\" height=\"35\">\u00a0<span style=\"font-family: Verdana, Arial, Helvetica, sans-serif;font-size: small\">\u00a0\u00a0Personal Superior Escalaf\u00f3n Jur\u00eddico Abogado<\/span><\/td>\n<td align=\"center\" bgcolor=\"cyan\" width=\"357\"><a href=\"https:\/\/drive.google.com\/drive\/folders\/1KZjK2QY230q3BBDK6egFzaEeit3SUh4n?usp=share_link\" target=\"_blank\" rel=\"noopener\"><span style=\"font-family: Verdana, Arial, Helvetica, sans-serif;font-size: small\">Material y\/o Temario<\/span><\/a><\/td>\n<\/tr>\n<\/tbody>\n<\/table>\n<table border=\"0\" width=\"993\" cellspacing=\"3\">\n<tbody>\n<tr bgcolor=\"black\">\n<td colspan=\"2\" align=\"center\" height=\"41\"><strong><span style=\"color: white;font-family: Verdana, Arial, Helvetica, sans-serif;font-size: large\">ESCALAF\u00d3N SUB PROFESIONAL<\/span><\/strong><\/td>\n<\/tr>\n<tr>\n<td bgcolor=\"#74C2ED\" width=\"626\" height=\"35\">\u00a0\u00a0<span style=\"font-family: Verdana, Arial, Helvetica, sans-serif;font-size: small\">Escalaf\u00f3n Sub Profesional Enfermero<\/span><\/td>\n<td align=\"center\" bgcolor=\"#83D597\" width=\"357\"><a href=\"https:\/\/drive.google.com\/drive\/folders\/1_fUgL_RWLa2SFQn6EtshPkcANERmpHai?usp=share_link\" target=\"_blank\" rel=\"noopener\"><span style=\"font-family: Verdana, Arial, Helvetica, sans-serif;font-size: small\">Material y\/o Temario<\/span><\/a><\/td>\n<\/tr>\n<tr>\n<td bgcolor=\"#74C2ED\" height=\"35\">\u00a0\u00a0<span style=\"font-family: Verdana, Arial, Helvetica, sans-serif;font-size: small\">Escalaf\u00f3n Sub Profesional Mec\u00e1nico Dental<\/span><\/td>\n<td align=\"center\" bgcolor=\"#F5A75A\"><a href=\"https:\/\/drive.google.com\/drive\/folders\/1KfeXRlIllROqg2jPaCFwE6dq1qY2ld6m?usp=share_link\" target=\"_blank\" rel=\"noopener\"><span style=\"font-family: Verdana, Arial, Helvetica, sans-serif;font-size: small\">Material y\/o Temario<\/span><\/a><\/td>\n<\/tr>\n<\/tbody>\n<\/table>\n<table border=\"0\" width=\"993\" cellspacing=\"3\">\n<tbody>\n<tr bgcolor=\"black\">\n<td colspan=\"2\" align=\"center\" height=\"41\"><strong><span style=\"color: white;font-family: Verdana, Arial, Helvetica, sans-serif;font-size: large\">ESCALAF\u00d3N MAESTRANZA<\/span><\/strong><\/td>\n<\/tr>\n<tr>\n<td bgcolor=\"#74C2ED\" width=\"626\" height=\"35\">\u00a0\u00a0<span style=\"font-family: Verdana, Arial, Helvetica, sans-serif;font-size: small\">Escalaf\u00f3n Maestranza T\u00e9cnico en Electr\u00f3nica<\/span><\/td>\n<td align=\"center\" bgcolor=\"#83D597\" width=\"357\"><a href=\"https:\/\/drive.google.com\/drive\/folders\/1BmQDJsksuwh3Ca6JvTArze0ulmZulsnJ?usp=share_link\" target=\"_blank\" rel=\"noopener\"><span style=\"font-family: Verdana, Arial, Helvetica, sans-serif;font-size: small\">Material y\/o Temario<\/span><\/a><\/td>\n<\/tr>\n<tr>\n<td bgcolor=\"#74C2ED\" height=\"35\">\u00a0\u00a0<span style=\"font-family: Verdana, Arial, Helvetica, sans-serif;font-size: small\">Escalaf\u00f3n Maestranza Analista de Sistemas<\/span><\/td>\n<td align=\"center\" bgcolor=\"#F5A75A\"><a href=\"https:\/\/drive.google.com\/drive\/u\/0\/folders\/1n5zoQwVUQfQsxaZ4Hvp5prNdoWSbKlhc\" target=\"_blank\" rel=\"noopener\"><span style=\"font-family: Verdana, Arial, Helvetica, sans-serif;font-size: small\">Material y\/o Temario<\/span><\/a><\/td>\n<\/tr>\n<tr>\n<td bgcolor=\"#74C2ED\" height=\"35\">\u00a0\u00a0<span style=\"font-family: Verdana, Arial, Helvetica, sans-serif;font-size: small\">Escalaf\u00f3n Maestranza T\u00e9cnico Programador<\/span><\/td>\n<td align=\"center\" bgcolor=\"cyan\"><a href=\"https:\/\/drive.google.com\/drive\/u\/0\/folders\/1a3DDdk8E0KxRtxUOnwB7rXH_rQLo-RQ8\" target=\"_blank\" rel=\"noopener\"><span style=\"font-family: Verdana, Arial, Helvetica, sans-serif;font-size: small\">Material y\/o Temario<\/span><\/a><\/td>\n<\/tr>\n<tr>\n<td bgcolor=\"#74C2ED\" height=\"35\">\u00a0\u00a0<span style=\"font-family: Verdana, Arial, Helvetica, sans-serif;font-size: small\">Escalaf\u00f3n Maestranza Inform\u00e1tico<\/span><\/td>\n<td align=\"center\" bgcolor=\"#F4E94E\"><a href=\"https:\/\/drive.google.com\/drive\/u\/0\/folders\/1BO7G4UbZ0rrKZhCtPNBqvbaaRdSjaslb\" target=\"_blank\" rel=\"noopener\"><span style=\"font-family: Verdana, Arial, Helvetica, sans-serif;font-size: small\">Material y\/o Temario<\/span><\/a><\/td>\n<\/tr>\n<\/tbody>\n<\/table>\n<table border=\"0\" width=\"993\" cellspacing=\"3\">\n<tbody>\n<tr bgcolor=\"black\">\n<td colspan=\"2\" align=\"center\" height=\"41\"><strong><span style=\"color: white;font-family: Verdana, Arial, Helvetica, sans-serif;font-size: large\">ESCALAF\u00d3N SANIDAD<\/span><\/strong><\/td>\n<\/tr>\n<tr>\n<td bgcolor=\"#74C2ED\" width=\"626\" height=\"35\">\u00a0\u00a0<span style=\"font-family: Verdana, Arial, Helvetica, sans-serif;font-size: small\">Escalaf\u00f3n Sanidad Terapista Ocupacional<\/span><\/td>\n<td align=\"center\" bgcolor=\"#83D597\" width=\"357\"><a href=\"https:\/\/drive.google.com\/drive\/folders\/1K87MY7kt7zWjiE1ruozQOqnzTpgNODu_?usp=share_link\" target=\"_blank\" rel=\"noopener\"><span style=\"font-family: Verdana, Arial, Helvetica, sans-serif;font-size: small\">Material y\/o Temario<\/span><\/a><\/td>\n<\/tr>\n<tr>\n<td bgcolor=\"#74C2ED\" height=\"35\">\u00a0\u00a0<span style=\"font-family: Verdana, Arial, Helvetica, sans-serif;font-size: small\">Escalaf\u00f3n Sanidad M\u00e9dico<\/span><\/td>\n<td align=\"center\" bgcolor=\"#F5A75A\"><a href=\"https:\/\/drive.google.com\/drive\/folders\/1y9Ndz-oN3hoG19mVvbun4r44lgcDMNrl?usp=share_link\" target=\"_blank\" rel=\"noopener\"><span style=\"font-family: Verdana, Arial, Helvetica, sans-serif;font-size: small\">Material y\/o Temario<\/span><\/a><\/td>\n<\/tr>\n<tr>\n<td bgcolor=\"#74C2ED\" height=\"35\">\u00a0\u00a0<span style=\"font-family: Verdana, Arial, Helvetica, sans-serif;font-size: small\">Escalaf\u00f3n Sanidad Odont\u00f3logo<\/span><\/td>\n<td align=\"center\" bgcolor=\"cyan\"><a href=\"https:\/\/drive.google.com\/drive\/folders\/1ZwSlnLhHI-tRc9HvCUC_jP4tGoYw2gfa?usp=sharing\" target=\"_blank\" rel=\"noopener\"><span style=\"font-family: Verdana, Arial, Helvetica, sans-serif;font-size: small\">Material y\/o Temario<\/span><\/a><\/td>\n<\/tr>\n<tr>\n<td bgcolor=\"#74C2ED\" height=\"35\">\u00a0\u00a0<span style=\"font-family: Verdana, Arial, Helvetica, sans-serif;font-size: small\">Escalaf\u00f3n Sanidad Bioqu\u00edmico<\/span><\/td>\n<td align=\"center\" bgcolor=\"#F4E94E\"><a href=\"https:\/\/drive.google.com\/drive\/folders\/1HPgvekoUcQOVDBI4jldg8i8eDe-G1fYQ?usp=share_link\" target=\"_blank\" rel=\"noopener\"><span style=\"font-family: Verdana, Arial, Helvetica, sans-serif;font-size: small\">Material y\/o Temario<\/span><\/a><\/td>\n<\/tr>\n<tr>\n<td bgcolor=\"#74C2ED\" height=\"35\">\u00a0\u00a0<span style=\"font-family: Verdana, Arial, Helvetica, sans-serif;font-size: small\">Escalaf\u00f3n Sanidad Kinesi\u00f3logo<\/span><\/td>\n<td align=\"center\" bgcolor=\"#F58C8D\"><a href=\"https:\/\/drive.google.com\/drive\/folders\/1-NOCx5mMZjh8Pz_EMI_rOOI65fXu-3b2?usp=share_link\" target=\"_blank\" rel=\"noopener\"><span style=\"font-family: Verdana, Arial, Helvetica, sans-serif;font-size: small\">Material y\/o Temario<\/span><\/a><\/td>\n<\/tr>\n<tr>\n<td bgcolor=\"#74C2ED\" height=\"35\">\u00a0\u00a0<span style=\"font-family: Verdana, Arial, Helvetica, sans-serif;font-size: small\">Escalaf\u00f3n Sanidad Radi\u00f3logo<\/span><\/td>\n<td align=\"center\" bgcolor=\"#56E061\"><a href=\"https:\/\/drive.google.com\/drive\/folders\/15rmyTpNwr9SiXq8VTQVIFgsrgtfwyOjl?usp=share_link\" target=\"_blank\" rel=\"noopener\"><span style=\"font-family: Verdana, Arial, Helvetica, sans-serif;font-size: small\">Material y\/o Temario<\/span><\/a><\/td>\n<\/tr>\n<tr>\n<td bgcolor=\"#74C2ED\" height=\"35\">\u00a0\u00a0<span style=\"font-family: Verdana, Arial, Helvetica, sans-serif;font-size: small\">Escalaf\u00f3n Sanidad Psiquiatra<\/span><\/td>\n<td align=\"center\" bgcolor=\"#F3F108\"><a href=\"https:\/\/drive.google.com\/drive\/folders\/1_4Ntl7hKgxSfbLylQnKI0Ww3PjQkN3Sz?usp=share_link\" target=\"_blank\" rel=\"noopener\"><span style=\"font-family: Verdana, Arial, Helvetica, sans-serif;font-size: small\">Material y\/o Temario<\/span><\/a><\/td>\n<\/tr>\n<\/tbody>\n<\/table>\n","protected":false},"excerpt":{"rendered":"<p>ESCALAF\u00d3N ADMINISTRATIVO \u00a0 Personal Superior Contador Material y\/o Temario ESCALAF\u00d3N CRIMINOLOG\u00cdA \u00a0 Escalaf\u00f3n Criminolog\u00eda Psic\u00f3logo Material y\/o Temario ESCALAF\u00d3N SERVICIO SOCIAL \u00a0 Personal Superior Scio. Social Asistente social Material y\/o Temario ESCALAF\u00d3N JUR\u00cdDICO \u00a0\u00a0\u00a0Personal Superior Escalaf\u00f3n Jur\u00eddico Abogado Material y\/o Temario ESCALAF\u00d3N SUB PROFESIONAL \u00a0\u00a0Escalaf\u00f3n Sub Profesional Enfermero Material y\/o Temario \u00a0\u00a0Escalaf\u00f3n Sub Profesional Mec\u00e1nico &hellip; <\/p>\n<p class=\"link-more\"><a href=\"https:\/\/www.santafe.gob.ar\/ms\/spsf\/material-de-estudio\/\" class=\"more-link\">Continuar leyendo<span class=\"screen-reader-text\"> \u00abMATERIAL DE ESTUDIO\u00bb<\/span><\/a><\/p>\n","protected":false},"author":11234,"featured_media":0,"parent":0,"menu_order":0,"comment_status":"closed","ping_status":"closed","template":"","meta":{"_acf_changed":false,"footnotes":""},"class_list":["post-3342","page","type-page","status-publish","hentry"],"acf":[],"_links":{"self":[{"href":"https:\/\/www.santafe.gob.ar\/ms\/spsf\/wp-json\/wp\/v2\/pages\/3342","targetHints":{"allow":["GET"]}}],"collection":[{"href":"https:\/\/www.santafe.gob.ar\/ms\/spsf\/wp-json\/wp\/v2\/pages"}],"about":[{"href":"https:\/\/www.santafe.gob.ar\/ms\/spsf\/wp-json\/wp\/v2\/types\/page"}],"author":[{"embeddable":true,"href":"https:\/\/www.santafe.gob.ar\/ms\/spsf\/wp-json\/wp\/v2\/users\/11234"}],"replies":[{"embeddable":true,"href":"https:\/\/www.santafe.gob.ar\/ms\/spsf\/wp-json\/wp\/v2\/comments?post=3342"}],"version-history":[{"count":17,"href":"https:\/\/www.santafe.gob.ar\/ms\/spsf\/wp-json\/wp\/v2\/pages\/3342\/revisions"}],"predecessor-version":[{"id":3390,"href":"https:\/\/www.santafe.gob.ar\/ms\/spsf\/wp-json\/wp\/v2\/pages\/3342\/revisions\/3390"}],"wp:attachment":[{"href":"https:\/\/www.santafe.gob.ar\/ms\/spsf\/wp-json\/wp\/v2\/media?parent=3342"}],"curies":[{"name":"wp","href":"https:\/\/api.w.org\/{rel}","templated":true}]}}