{"id":45906,"date":"2024-12-05T15:49:30","date_gmt":"2024-12-05T18:49:30","guid":{"rendered":"https:\/\/onlines.ar\/tribunal-electoral-de-santa-fe\/?page_id=45906"},"modified":"2026-01-02T11:36:41","modified_gmt":"2026-01-02T10:36:41","slug":"institucional","status":"publish","type":"page","link":"https:\/\/www.santafe.gob.ar\/ms\/tribunalelectoral\/institucional\/","title":{"rendered":"Institucional"},"content":{"rendered":"\n<header class=\"wp-block-group data-block_header has-blanco-color has-azul-claro-background-color has-text-color has-background has-link-color wp-elements-099b36f5ec5a4d3625ee94d5ecf44ea2 is-layout-constrained wp-container-core-group-is-layout-639b5052 wp-block-group-is-layout-constrained\" style=\"padding-top:0;padding-right:0;padding-bottom:0;padding-left:0\">\n<div class=\"wp-block-group data-block_grid is-layout-constrained wp-block-group-is-layout-constrained\">\n<div class=\"wp-block-group data-area_container is-layout-constrained wp-block-group-is-layout-constrained\">\n<div class=\"wp-block-group data-block_logo is-layout-constrained wp-block-group-is-layout-constrained\">\n<figure class=\"wp-block-image size-full\"><a href=\"https:\/\/www.santafe.gob.ar\/ms\/tribunalelectoral\/\"><img decoding=\"async\" src=\"https:\/\/www.santafe.gob.ar\/ms\/tribunal-electoral-2025\/wp-content\/uploads\/sites\/84\/2024\/12\/logo-tribunal-electoral.svg\" alt=\"\" class=\"wp-image-46276\" \/><\/a><\/figure>\n<\/div>\n\n\n\n<div class=\"wp-block-group data-component_nav is-layout-constrained wp-block-group-is-layout-constrained\">\n<div class=\"wp-block-columns is-layout-flex wp-container-core-columns-is-layout-28f84493 wp-block-columns-is-layout-flex\">\n<div class=\"wp-block-column is-layout-flow wp-block-column-is-layout-flow\" style=\"flex-basis:100%\"><nav class=\"wp-block-navigation is-layout-flex wp-block-navigation-is-layout-flex\" aria-label=\"Navigation\"><ul class=\"wp-block-navigation__container  wp-block-navigation\"><li class=\" wp-block-navigation-item wp-block-navigation-link\"><a class=\"wp-block-navigation-item__content\"  href=\"https:\/\/www.santafe.gob.ar\/ms\/tribunalelectoral\/novedades\/\"><span class=\"wp-block-navigation-item__label\">Novedades<\/span><\/a><\/li><li class=\" wp-block-navigation-item wp-block-navigation-link\"><a class=\"wp-block-navigation-item__content\"  href=\"https:\/\/www.santafe.gob.ar\/ms\/tribunalelectoral\/elecciones\/\"><span class=\"wp-block-navigation-item__label\">Elecciones<\/span><\/a><\/li><li class=\" wp-block-navigation-item wp-block-navigation-link\"><a class=\"wp-block-navigation-item__content\"  href=\"https:\/\/www.santafe.gob.ar\/ms\/tribunalelectoral\/institucional\/\"><span class=\"wp-block-navigation-item__label\">Institucional<\/span><\/a><\/li><\/ul><\/nav><\/div>\n<\/div>\n<\/div>\n<\/div>\n<\/div>\n<\/header>\n\n\n\n<main class=\"wp-block-group data-page_institucional is-layout-constrained wp-block-group-is-layout-constrained\">\n<section class=\"wp-block-group data-section_hero is-layout-constrained wp-block-group-is-layout-constrained\">\n<div class=\"wp-block-cover\"><img loading=\"lazy\" decoding=\"async\" width=\"1024\" height=\"198\" class=\"wp-block-cover__image-background wp-image-46279 size-large\" alt=\"\" src=\"https:\/\/www.santafe.gob.ar\/ms\/tribunal-electoral-2025\/wp-content\/uploads\/sites\/84\/2025\/10\/background-electoral-2-1024x198.webp\" data-object-fit=\"cover\" srcset=\"https:\/\/www.santafe.gob.ar\/ms\/tribunalelectoral\/wp-content\/uploads\/sites\/84\/2025\/10\/background-electoral-2-1024x198.webp 1024w, https:\/\/www.santafe.gob.ar\/ms\/tribunalelectoral\/wp-content\/uploads\/sites\/84\/2025\/10\/background-electoral-2-300x58.webp 300w, https:\/\/www.santafe.gob.ar\/ms\/tribunalelectoral\/wp-content\/uploads\/sites\/84\/2025\/10\/background-electoral-2-768x148.webp 768w, https:\/\/www.santafe.gob.ar\/ms\/tribunalelectoral\/wp-content\/uploads\/sites\/84\/2025\/10\/background-electoral-2.webp 1512w\" sizes=\"auto, (max-width: 1024px) 100vw, 1024px\" \/><span aria-hidden=\"true\" class=\"wp-block-cover__background has-background-dim-0 has-background-dim\"><\/span><div class=\"wp-block-cover__inner-container is-layout-constrained wp-block-cover-is-layout-constrained\">\n<div class=\"wp-block-group data-block_grid is-layout-constrained wp-block-group-is-layout-constrained\">\n<div class=\"wp-block-group data-area_container is-layout-constrained wp-block-group-is-layout-constrained\">\n<h1 class=\"wp-block-heading has-blanco-color has-text-color has-link-color has-medium-font-size wp-elements-027166804ab198e97cfeacb196eb5161\"><\/h1>\n<\/div>\n<\/div>\n<\/div><\/div>\n<\/section>\n\n\n\n<section class=\"wp-block-group data-section_tribunal-electoral is-layout-constrained wp-block-group-is-layout-constrained\">\n<div class=\"wp-block-group data-block_grid is-layout-constrained wp-block-group-is-layout-constrained\">\n<div class=\"wp-block-group data-area_container is-layout-constrained wp-block-group-is-layout-constrained\">\n<div class=\"wp-block-group data-wrapper_left has-azul-color has-text-color has-link-color wp-elements-3b55205ccdeeba55a852d06591c093e7 is-layout-constrained wp-block-group-is-layout-constrained\">\n<h2 class=\"wp-block-heading has-2-x-large-font-size\" style=\"padding-bottom:1rem;font-style:normal;font-weight:900\">Tribunal Electoral de<br>la Provincia de Santa Fe<\/h2>\n\n\n\n<div class=\"wp-block-group has-texto-color has-text-color has-link-color wp-elements-f4f50df83c60fb0c7f9f3aa5c7aea421 is-layout-constrained wp-block-group-is-layout-constrained\">\n<p>LEY N\u00b0 4990<\/p>\n\n\n\n<p>Art. 32\u00ba.- El Tribunal Electoral que establece que el Art\u00edculo 29 de la Constituci\u00f3n de la Provincia<br>ser\u00e1 el encargado de la aplicaci\u00f3n de la presente ley.-<\/p>\n\n\n\n<p>Estar\u00e1 integrado por un Juez de la Suprema Corte de Justicia, que ejercer\u00e1 la Presidencia del Tribunal, y, con el car\u00e1cter de vocales, por un Juez de las C\u00e1maras de Apelaciones de Santa Fe y otro de las de Rosario. Uno ser\u00e1 del fuero civil y otro del fuero penal.-<\/p>\n\n\n\n<p>Durar\u00e1n un a\u00f1o en sus funciones y ser\u00e1n designados por sorteo efectuado por la Corte Suprema de<br>Justicia en la primera quincena de diciembre del a\u00f1o anterior.-<\/p>\n\n\n\n<p>El sorteo se realizar\u00e1 en la sede de dicho Tribunal, en audiencia p\u00fablica a la que ser\u00e1n convocados los apoderados de los Partidos Pol\u00edticos con anticipaci\u00f3n no inferior a 48 hs.-<\/p>\n\n\n\n<p>En la misma oportunidad ser\u00e1n sorteados miembros suplentes del mismo origen, que remplazar\u00e1n a<br>los titulares en caso de ausencia, excusaci\u00f3n o impedimento. &#8211;<\/p>\n\n\n\n<p>Actuar\u00e1 como Procurador Fiscal Electoral el Procurador General de la Corte Suprema de Justicia, que ser\u00e1 reemplazado en los mismos casos que los miembros del Tribunal por sus sustitutos legales.-<\/p>\n\n\n\n<p>Art. 33\u00ba.- El Presidente de la Junta Electoral ser\u00e1 designado por sorteo entre los dos magistrados<br>judiciales. El Presidente participar\u00e1 con voz y voto en las deliberaciones, ser\u00e1 ejecutor de las<br>resoluciones de la Junta y la representar\u00e1, con asistencia del Secretario, en las comunicaciones y<br>relaciones con terceros.<\/p>\n\n\n\n<p>Art. 36\u00ba.- El Secretario Electoral de la Provincia ser\u00e1 el de la Junta Electoral y tendr\u00e1 a su cargo el<br>despacho y todo lo concerniente a los actos preparatorios del comicio y realizaci\u00f3n de escrutinios.<br>El P.E., a pedido de la Junta Electoral, designar\u00e1 los empleados extraordinarios necesarios para la preparaci\u00f3n de los actos de la elecci\u00f3n, quedando facultado si as\u00ed lo estimare conveniente por razones de econom\u00eda a suministrarles del personal de otras reparticiones que estuviere en condiciones de hacerlo, no consider\u00e1ndose el caso como acumulaci\u00f3n de empleos.<\/p>\n\n\n\n<p>Art. 37\u00ba.- Corresponde a la Junta Electoral:<\/p>\n<\/div>\n\n\n\n<ul class=\"wp-block-list has-texto-color has-text-color has-link-color wp-elements-4eb4f93234c3aecb6cdc52a7d8cd42be\">\n<li>a) Efectuar, ante las autoridades competentes, las gestiones necesarias para el cumplimiento de su cometido.<\/li>\n\n\n\n<li>b) Contratar la adquisici\u00f3n de \u00fatiles, impresiones y dem\u00e1s trabajos tendientes a la realizaci\u00f3n de los<br>fines de esta ley todo con conocimiento y aprobaci\u00f3n del Poder Ejecutivo.<\/li>\n\n\n\n<li>c) Designar los miembros de las mesas receptoras de votos y disponer de las medidas conducentes<br>a la organizaci\u00f3n del comicio.<\/li>\n\n\n\n<li>d) Decidir sobre la validez o invalidez de los votos impugnados.<\/li>\n\n\n\n<li>e) Calificar las elecciones de electores de gobernador y vicegobernador y las elecciones de convencionales constituyentes, senadores, diputados, concejales municipales y miembros de comisiones de fomento.<\/li>\n\n\n\n<li>f) Extender a los efectos los respectivos diplomas.<\/li>\n\n\n\n<li>g) Practicar los escrutinios definitivos.<\/li>\n\n\n\n<li>h) Desempe\u00f1ar las dem\u00e1s funciones que se le encomienden por la presente Ley.<\/li>\n<\/ul>\n<\/div>\n\n\n\n<div class=\"wp-block-group data-wrapper_right is-layout-constrained wp-block-group-is-layout-constrained\">\n<div class=\"wp-block-group is-layout-constrained wp-block-group-is-layout-constrained\">\n<h3 class=\"wp-block-heading\">Presidente:<\/h3>\n\n\n\n<ul class=\"wp-block-list\">\n<li><strong><br>Dr. Rafael Francisco Guti\u00e9rrez<\/strong><br>Presidente de la Corte Suprema de Justicia de la Provincia de Santa Fe.<\/li>\n<\/ul>\n<\/div>\n\n\n\n<div class=\"wp-block-group is-layout-constrained wp-block-group-is-layout-constrained\">\n<h3 class=\"wp-block-heading\">Vocales Titulares:<\/h3>\n\n\n\n<ul class=\"wp-block-list\">\n<li><strong><strong><br>Dra. Jessica Mar\u00eda Cinalli<\/strong><\/strong><br><br>Jueza de C\u00e1mara de Apelaci\u00f3n Civil y Comercial de los Tribunales de Rosario.<\/li>\n\n\n\n<li><strong><strong><br>Dr. Mario Javier Guedes<\/strong><\/strong><br><br>Juez de C\u00e1mara Apelaci\u00f3n de Ejecuci\u00f3n Penal y Supervisi\u00f3n Carcelaria de los Tribunales de Santa Fe<\/li>\n<\/ul>\n<\/div>\n\n\n\n<div class=\"wp-block-group is-layout-constrained wp-block-group-is-layout-constrained\">\n<h3 class=\"wp-block-heading\">Procurador Fiscal Electoral:<\/h3>\n\n\n\n<ul class=\"wp-block-list\">\n<li><strong>Dr. Jorge Alberto Barraguirre<\/strong><br>Procurador General de la Corte Suprema de Justicia de la Provincia de Santa Fe.<\/li>\n<\/ul>\n<\/div>\n\n\n\n<div class=\"wp-block-group is-layout-constrained wp-block-group-is-layout-constrained\">\n<h3 class=\"wp-block-heading\">Secretario Electoral:<\/h3>\n\n\n\n<ul class=\"wp-block-list\">\n<li><strong>Dr. Pablo Daniel Ayala<\/strong><\/li>\n<\/ul>\n<\/div>\n\n\n\n<div class=\"wp-block-group is-layout-constrained wp-block-group-is-layout-constrained\">\n<h3 class=\"wp-block-heading\">Pro Secretario Electoral:<\/h3>\n\n\n\n<ul class=\"wp-block-list\">\n<li><strong>Dr. Roberto Patricio Pascual<\/strong><\/li>\n<\/ul>\n<\/div>\n<\/div>\n<\/div>\n<\/div>\n<\/section>\n<\/main>\n\n\n\n<footer class=\"wp-block-group data-block_footer is-layout-constrained wp-block-group-is-layout-constrained\">\n<div class=\"wp-block-group data-block_grid is-layout-constrained wp-block-group-is-layout-constrained\">\n<div class=\"wp-block-group data-area_container is-layout-constrained wp-block-group-is-layout-constrained\">\n<div class=\"wp-block-group data-block_logo is-layout-constrained wp-block-group-is-layout-constrained\">\n<figure class=\"wp-block-image size-full\"><a href=\"https:\/\/www.santafe.gob.ar\/ms\/tribunal-electoral-2025\/\"><img decoding=\"async\" src=\"https:\/\/www.santafe.gob.ar\/ms\/tribunal-electoral-2025\/wp-content\/uploads\/sites\/84\/2024\/12\/logo-tribunal-electoral-1.svg\" alt=\"\" class=\"wp-image-46287\" \/><\/a><\/figure>\n<\/div>\n\n\n\n<div class=\"wp-block-group data-wrapper_data is-horizontal is-content-justification-left is-nowrap is-layout-flex wp-container-core-group-is-layout-5ebe7bbc wp-block-group-is-layout-flex\">\n<ul class=\"wp-block-list\">\n<li><strong>Direcci\u00f3n Postal Santa Fe<\/strong><\/li>\n\n\n\n<li>1 de Mayo 1565 &#8211; (S3000ADF) Santa Fe.<\/li>\n\n\n\n<li>54 342 481-5751<\/li>\n\n\n\n<li>secretariaelectoral@santafe.gov.ar<\/li>\n\n\n\n<li>Lunes a Viernes: 7 a 13 hs<\/li>\n<\/ul>\n\n\n\n<ul class=\"wp-block-list\">\n<li><strong>Direcci\u00f3n Postal Rosario<\/strong><\/li>\n\n\n\n<li>Av. San Lorenzo 1949 &#8211; (S2000ADF) Rosario.<\/li>\n\n\n\n<li>54 341 472-1813 \/ 20 Int. 45745<\/li>\n\n\n\n<li>Lunes a Viernes: 7 a 13 hs<\/li>\n<\/ul>\n<\/div>\n<\/div>\n<\/div>\n<\/footer>\n","protected":false},"excerpt":{"rendered":"<p>Tribunal Electoral dela Provincia de Santa Fe LEY N\u00b0 4990 Art. 32\u00ba.- El Tribunal Electoral que establece que el Art\u00edculo 29 de la Constituci\u00f3n de la Provinciaser\u00e1 el encargado de la aplicaci\u00f3n de la presente ley.- Estar\u00e1 integrado por un Juez de la Suprema Corte de Justicia, que ejercer\u00e1 la Presidencia del Tribunal, y, con [&hellip;]<\/p>\n","protected":false},"author":2,"featured_media":0,"parent":0,"menu_order":2,"comment_status":"closed","ping_status":"closed","template":"","meta":{"_acf_changed":false,"footnotes":""},"class_list":["post-45906","page","type-page","status-publish","hentry"],"acf":[],"_links":{"self":[{"href":"https:\/\/www.santafe.gob.ar\/ms\/tribunalelectoral\/wp-json\/wp\/v2\/pages\/45906","targetHints":{"allow":["GET"]}}],"collection":[{"href":"https:\/\/www.santafe.gob.ar\/ms\/tribunalelectoral\/wp-json\/wp\/v2\/pages"}],"about":[{"href":"https:\/\/www.santafe.gob.ar\/ms\/tribunalelectoral\/wp-json\/wp\/v2\/types\/page"}],"author":[{"embeddable":true,"href":"https:\/\/www.santafe.gob.ar\/ms\/tribunalelectoral\/wp-json\/wp\/v2\/users\/2"}],"replies":[{"embeddable":true,"href":"https:\/\/www.santafe.gob.ar\/ms\/tribunalelectoral\/wp-json\/wp\/v2\/comments?post=45906"}],"version-history":[{"count":7,"href":"https:\/\/www.santafe.gob.ar\/ms\/tribunalelectoral\/wp-json\/wp\/v2\/pages\/45906\/revisions"}],"predecessor-version":[{"id":54703,"href":"https:\/\/www.santafe.gob.ar\/ms\/tribunalelectoral\/wp-json\/wp\/v2\/pages\/45906\/revisions\/54703"}],"wp:attachment":[{"href":"https:\/\/www.santafe.gob.ar\/ms\/tribunalelectoral\/wp-json\/wp\/v2\/media?parent=45906"}],"curies":[{"name":"wp","href":"https:\/\/api.w.org\/{rel}","templated":true}]}}