{"id":71,"date":"2024-04-30T16:07:02","date_gmt":"2024-04-30T14:07:02","guid":{"rendered":"https:\/\/www.santafe.gob.ar\/ms\/vacunate\/?page_id=71"},"modified":"2026-03-08T22:30:26","modified_gmt":"2026-03-08T21:30:26","slug":"para-embarazadas","status":"publish","type":"page","link":"https:\/\/www.santafe.gob.ar\/ms\/vacunate\/para-embarazadas\/","title":{"rendered":"Para embarazadas"},"content":{"rendered":"<p>La estrategia de vacunaci\u00f3n para personas gestantes dentro del Calendario Nacional, contempla vacunas como la antigripal, que se aplica en cualquier trimestre de la gestaci\u00f3n.<\/p>\n<p>Tambi\u00e9n, a la vacuna <strong>triple bacteriana<\/strong> <strong>acelular<\/strong> se aplica <strong>a partir de las 20 semanas de gestaci\u00f3n<\/strong> y protege al reci\u00e9n nacido contra la tos convulsa durante los primeros meses de vida.<\/p>\n<p>El Calendario contempla tambi\u00e9n la vacuna contra <strong>Virus Sincicial Respiratorio (VSR)<\/strong>, indicada para embarazadas, en el per\u00edodo que va <strong>desde la semana 32 a la 36<\/strong>.<\/p>\n<p>Por otra parte, se recomienda un refuerzo de la <strong>vacuna Covid<\/strong>, en cualquier trimestre de la gestaci\u00f3n.<\/p>\n<h4>\u00bfPor qu\u00e9 es importante la vacuna contra el Virus Sincicial Respiratorio?<\/h4>\n<p>Con una sola dosis, esta vacuna <strong>puede proteger a lactantes de bronquiolitis y neumon\u00eda<\/strong>, las enfermedades respiratorias que m\u00e1s morbimortalidad generan en reci\u00e9n nacidos y menores de 6 meses.<\/p>\n<p>La inmunizaci\u00f3n se logra mediante la transferencia de anticuerpos a trav\u00e9s de la placenta. Eso se produce 15 d\u00edas despu\u00e9s de la vacunaci\u00f3n. De esa manera, los lactantes quedan protegidos desde el nacimiento hasta los primeros meses de vida contra esas enfermedades.<\/p>\n<h4>\u00bfQu\u00e9 necesit\u00e1s para recibir la vacuna?<\/h4>\n<p><strong>No es necesaria la indicaci\u00f3n m\u00e9dica<\/strong>. Ten\u00e9s que presentar la constancia de la Edad Gestacional o Fecha de \u00daltima Menstruaci\u00f3n (FUM).<\/p>\n","protected":false},"excerpt":{"rendered":"<p>La estrategia de vacunaci\u00f3n para personas gestantes dentro del Calendario Nacional, contempla vacunas como la antigripal, que se aplica en cualquier trimestre de la gestaci\u00f3n. Tambi\u00e9n, a la vacuna triple bacteriana acelular se aplica a partir de las 20 semanas de gestaci\u00f3n y protege al reci\u00e9n nacido contra la tos convulsa durante los primeros meses [&hellip;]<\/p>\n","protected":false},"author":82961,"featured_media":0,"parent":0,"menu_order":0,"comment_status":"closed","ping_status":"closed","template":"","meta":{"_acf_changed":false,"_et_pb_use_builder":"","_et_pb_old_content":"","_et_gb_content_width":"","footnotes":""},"class_list":["post-71","page","type-page","status-publish","hentry"],"acf":[],"_links":{"self":[{"href":"https:\/\/www.santafe.gob.ar\/ms\/vacunate\/wp-json\/wp\/v2\/pages\/71","targetHints":{"allow":["GET"]}}],"collection":[{"href":"https:\/\/www.santafe.gob.ar\/ms\/vacunate\/wp-json\/wp\/v2\/pages"}],"about":[{"href":"https:\/\/www.santafe.gob.ar\/ms\/vacunate\/wp-json\/wp\/v2\/types\/page"}],"author":[{"embeddable":true,"href":"https:\/\/www.santafe.gob.ar\/ms\/vacunate\/wp-json\/wp\/v2\/users\/82961"}],"replies":[{"embeddable":true,"href":"https:\/\/www.santafe.gob.ar\/ms\/vacunate\/wp-json\/wp\/v2\/comments?post=71"}],"version-history":[{"count":6,"href":"https:\/\/www.santafe.gob.ar\/ms\/vacunate\/wp-json\/wp\/v2\/pages\/71\/revisions"}],"predecessor-version":[{"id":299,"href":"https:\/\/www.santafe.gob.ar\/ms\/vacunate\/wp-json\/wp\/v2\/pages\/71\/revisions\/299"}],"wp:attachment":[{"href":"https:\/\/www.santafe.gob.ar\/ms\/vacunate\/wp-json\/wp\/v2\/media?parent=71"}],"curies":[{"name":"wp","href":"https:\/\/api.w.org\/{rel}","templated":true}]}}